{"id":970,"date":"2025-08-26T15:00:52","date_gmt":"2025-08-26T15:00:52","guid":{"rendered":"http:\/\/localhost\/o\/?product=ban-ma-chan-cot"},"modified":"2025-08-26T15:00:52","modified_gmt":"2025-08-26T15:00:52","slug":"ban-ma-chan-cot","status":"publish","type":"product","link":"https:\/\/satmythuatgiare.com\/?product=ban-ma-chan-cot","title":{"rendered":"B\u1ea3n M\u00e3 Ch\u00e2n C\u1ed9t"},"content":{"rendered":"<\/p>\n<div class=\"content-tabs-pro-detail info-pro-detail active text\">\n<p style=\"text-align:justify;line-height:normal;\"><span style=\"font-family:Arial,Helvetica,sans-serif;\"><span style=\"font-size:14px;\"><a href=\"https:\/\/satmythuatthanhan.com\/ban-ma-sat\"><strong>B\u1ea3n M\u00e3<\/strong><\/a> ng\u00e0y c\u00e0ng \u0111\u01b0\u1ee3c s\u1eed d\u1ee5ng r\u1ed9ng r\u00e3i trong c\u00e1c c\u00f4ng tr\u00ecnh l\u1edbn nh\u1ecf v\u1edbi nhi\u1ec1u lo\u1ea1i kh\u00e1c nhau t\u00f9y theo m\u1ee5c \u0111\u00edch s\u1eed d\u1ee5ng. Trong \u0111\u00f3, b\u1ea3n m\u00e3 ch\u00e2n c\u1ed9t l\u00e0 l\u1ef1a ch\u1ecdn ph\u1ed5 bi\u1ebfn nh\u1ea5t nh\u1edd vai tr\u00f2 quan tr\u1ecdng trong k\u1ebft c\u1ea5u. N\u1ebfu b\u1ea1n ch\u01b0a r\u00f5 v\u1ec1 s\u1ea3n ph\u1ea9m n\u00e0y, h\u00e3y c\u00f9ng Th\u00e0nh An t\u00ecm hi\u1ec3u chi ti\u1ebft qua b\u00e0i vi\u1ebft d\u01b0\u1edbi \u0111\u00e2y!<\/span><\/span><\/p>\n<h2 style=\"text-align: justify; line-height: normal;\"><span style=\"font-family:Arial,Helvetica,sans-serif;\"><span style=\"font-size:14px;\"><strong>B\u1ea3n M\u00e3 Ch\u00e2n C\u1ed9t &#8211; Y\u1ebfu T\u1ed1 Quan Tr\u1ecdng Trong K\u1ebft C\u1ea5u X\u00e2y D\u1ef1ng<\/strong><\/span><\/span><\/h2>\n<p style=\"text-align:justify;line-height:normal;\"><span style=\"font-family:Arial,Helvetica,sans-serif;\"><span style=\"font-size:14px;\"><a href=\"https:\/\/satmythuatthanhan.com\/ban-ma-chan-cot\"><strong>B\u1ea3n m\u00e3 ch\u00e2n c\u1ed9t<\/strong><\/a> l\u00e0 m\u1ed9t lo\u1ea1i t\u1ea5m th\u00e9p \u0111\u01b0\u1ee3c thi\u1ebft k\u1ebf \u0111\u1eb7c bi\u1ec7t \u0111\u1ec3 g\u1eafn k\u1ebft v\u00e0 c\u1ed1 \u0111\u1ecbnh ch\u00e2n c\u1ed9t v\u1edbi n\u1ec1n m\u00f3ng. \u0110\u00e2y l\u00e0 m\u1ed9t th\u00e0nh ph\u1ea7n kh\u00f4ng th\u1ec3 thi\u1ebfu trong c\u00e1c c\u00f4ng tr\u00ecnh x\u00e2y d\u1ef1ng, gi\u00fap t\u0103ng c\u01b0\u1eddng \u0111\u1ed9 \u1ed5n \u0111\u1ecbnh v\u00e0 \u0111\u1ea3m b\u1ea3o s\u1ef1 v\u1eefng ch\u1eafc cho h\u1ec7 th\u1ed1ng k\u1ebft c\u1ea5u c\u1ed9t tr\u1ee5.<\/span><\/span><\/p>\n<p style=\"line-height: normal; text-align: center;\"><span style=\"font-family:Arial,Helvetica,sans-serif;\"><span style=\"font-size:14px;\"><img decoding=\"async\" alt=\"B\u1ea3n m\u00e3\" src=\"http:\/\/localhost\/o\/wp-content\/uploads\/2025\/08\/ban-ma-sat-78.jpg\" style=\"width: 900px; height: 506px;\" title=\"ban-ma-sat-78\"><\/span><\/span><\/p>\n<p style=\"line-height: normal; text-align: center;\"><span style=\"font-family:Arial,Helvetica,sans-serif;\"><span style=\"font-size:14px;\">B\u1ea3n m\u00e3 \u0111\u1ea7u c\u1ed9t , \u0111\u1ea7u c\u1ecdc<\/span><\/span><\/p>\n<h3 style=\"text-align: justify; line-height: normal;\"><span style=\"font-family:Arial,Helvetica,sans-serif;\"><span style=\"font-size:14px;\"><strong>1. Ch\u1ee9c N\u0103ng C\u1ee7a B\u1ea3n M\u00e3 Ch\u00e2n C\u1ed9t<\/strong><\/span><\/span><\/h3>\n<p style=\"text-align:justify;line-height:normal;\"><span style=\"font-family:Arial,Helvetica,sans-serif;\"><span style=\"font-size:14px;\">B\u1ea3n m\u00e3 ch\u00e2n c\u1ed9t \u0111\u00f3ng vai tr\u00f2 quan tr\u1ecdng trong vi\u1ec7c truy\u1ec1n t\u1ea3i tr\u1ecdng t\u1eeb c\u1ed9t xu\u1ed1ng n\u1ec1n m\u00f3ng, gi\u00fap c\u1ed9t \u0111\u1ee9ng v\u1eefng v\u00e0 ch\u1ecbu \u0111\u01b0\u1ee3c c\u00e1c t\u00e1c \u0111\u1ed9ng t\u1eeb m\u00f4i tr\u01b0\u1eddng nh\u01b0 gi\u00f3, rung \u0111\u1ed9ng hay t\u1ea3i tr\u1ecdng t\u1eeb c\u00f4ng tr\u00ecnh. B\u00ean c\u1ea1nh \u0111\u00f3, n\u00f3 c\u0169ng gi\u00fap li\u00ean k\u1ebft ch\u1eafc ch\u1eafn gi\u1eefa c\u1ed9t th\u00e9p v\u00e0 c\u00e1c k\u1ebft c\u1ea5u b\u00ea t\u00f4ng ho\u1eb7c th\u00e9p kh\u00e1c, t\u1ea1o n\u00ean m\u1ed9t h\u1ec7 th\u1ed1ng ki\u00ean c\u1ed1 v\u00e0 an to\u00e0n.<\/span><\/span><\/p>\n<p style=\"line-height: normal; text-align: center;\"><span style=\"font-family:Arial,Helvetica,sans-serif;\"><span style=\"font-size:14px;\"><img decoding=\"async\" alt=\"B\u1ea3n m\u00e3 th\u00e9p 32\" src=\"http:\/\/localhost\/o\/wp-content\/uploads\/2025\/08\/ban-ma-thep-25-1.jpg\" style=\"width: 950px; height: 534px;\" title=\"ban-ma-thep-25-1\"><\/span><\/span><\/p>\n<p style=\"line-height: normal; text-align: center;\"><strong><span style=\"font-family:Arial,Helvetica,sans-serif;\"><span style=\"font-size:14px;\">B\u1ea3n M\u00e3 Ch\u00e2n c\u1ed9t d\u00e0y 12mm<\/span><\/span><\/strong><\/p>\n<h3 style=\"text-align: justify; line-height: normal;\"><span style=\"font-family:Arial,Helvetica,sans-serif;\"><span style=\"font-size:14px;\"><strong>2. C\u1ea5u T\u1ea1o V\u00e0 V\u1eadt Li\u1ec7u S\u1eed D\u1ee5ng<\/strong><\/span><\/span><\/h3>\n<p style=\"text-align:justify;line-height:normal;\"><span style=\"font-family:Arial,Helvetica,sans-serif;\"><span style=\"font-size:14px;\">B\u1ea3n m\u00e3 ch\u00e2n c\u1ed9t th\u01b0\u1eddng \u0111\u01b0\u1ee3c l\u00e0m t\u1eeb th\u00e9p t\u1ea5m ch\u1ea5t l\u01b0\u1ee3ng cao nh\u01b0 th\u00e9p SS400, S235, S275 ho\u1eb7c S355. T\u00f9y theo y\u00eau c\u1ea7u k\u1ef9 thu\u1eadt, b\u1ea3n m\u00e3 c\u00f3 th\u1ec3 c\u00f3 c\u00e1c \u0111\u1ed9 d\u00e0y kh\u00e1c nhau t\u1eeb 6mm \u0111\u1ebfn 30mm. C\u00e1c l\u1ed7 b\u1eaft bu l\u00f4ng tr\u00ean b\u1ea3n m\u00e3 \u0111\u01b0\u1ee3c gia c\u00f4ng ch\u00ednh x\u00e1c \u0111\u1ec3 \u0111\u1ea3m b\u1ea3o s\u1ef1 li\u00ean k\u1ebft ch\u1eafc ch\u1eafn gi\u1eefa c\u1ed9t v\u00e0 n\u1ec1n m\u00f3ng.<\/span><\/span><\/p>\n<p style=\"line-height: normal; text-align: center;\"><span style=\"font-family:Arial,Helvetica,sans-serif;\"><span style=\"font-size:14px;\"><img decoding=\"async\" alt=\"B\u1ea3n m\u00e3 ch\u00e2n c\u1ed9t 1\" src=\"http:\/\/localhost\/o\/wp-content\/uploads\/2025\/08\/ban-ma-chan-cot-1.jpg\" style=\"width: 1366px; height: 768px;\" title=\"ban-ma-chan-cot-1\"><\/span><\/span><\/p>\n<p style=\"line-height: normal; text-align: center;\"><strong><span style=\"font-family:Arial,Helvetica,sans-serif;\"><span style=\"font-size:14px;\">M\u1eabu B\u1ea3n m\u00e3 ch\u00e2n c\u1ed9t t\u1ea1i Th\u00e0nh An<\/span><\/span><\/strong><\/p>\n<h3 style=\"text-align:justify;\"><strong><span style=\"font-family:Arial,Helvetica,sans-serif;\"><span style=\"font-size:14px;\">3. Vai Tr\u00f2 C\u1ee7a B\u1ea3n M\u00e3 \u0110\u1ea7u C\u1ecdc<\/span><\/span><\/strong><\/h3>\n<p style=\"text-align:justify;\"><span style=\"font-family:Arial,Helvetica,sans-serif;\"><span style=\"font-size:14px;\">B\u1ea3n m\u00e3 \u0111\u1ea7u c\u1ecdc l\u00e0 b\u1ed9 ph\u1eadn quan tr\u1ecdng trong k\u1ebft c\u1ea5u n\u1ec1n m\u00f3ng, gi\u00fap k\u1ebft n\u1ed1i \u0111\u1ea7u c\u1ecdc b\u00ea t\u00f4ng ho\u1eb7c th\u00e9p v\u1edbi c\u00e1c k\u1ebft c\u1ea5u ph\u00eda tr\u00ean. Ch\u00fang \u0111\u00f3ng vai tr\u00f2 truy\u1ec1n t\u1ea3i tr\u1ecdng t\u1eeb c\u00f4ng tr\u00ecnh xu\u1ed1ng h\u1ec7 th\u1ed1ng c\u1ecdc, ph\u00e2n b\u1ed5 l\u1ef1c \u0111\u1ec1u l\u00ean b\u1ec1 m\u1eb7t c\u1ecdc v\u00e0 gi\u1ea3m t\u1ea3i tr\u1ecdng t\u1eadp trung. \u0110i\u1ec1u n\u00e0y gi\u00fap t\u0103ng c\u01b0\u1eddng \u0111\u1ed9 b\u1ec1n v\u00e0 kh\u1ea3 n\u0103ng ch\u1ecbu l\u1ef1c c\u1ee7a c\u00f4ng tr\u00ecnh, \u0111\u1ea3m b\u1ea3o t\u00ednh \u1ed5n \u0111\u1ecbnh v\u00e0 an to\u00e0n l\u00e2u d\u00e0i. Ngo\u00e0i ra, b\u1ea3n m\u00e3 \u0111\u1ea7u c\u1ecdc c\u0169ng h\u1ed7 tr\u1ee3 vi\u1ec7c li\u00ean k\u1ebft ch\u1eb7t ch\u1ebd gi\u1eefa c\u1ecdc v\u00e0 c\u00e1c c\u1ea5u ki\u1ec7n kh\u00e1c, gi\u00fap c\u00f4ng tr\u00ecnh \u0111\u1ea1t hi\u1ec7u su\u1ea5t t\u1ed1i \u01b0u.<\/span><\/span><\/p>\n<p style=\"text-align: center;\"><span style=\"font-family:Arial,Helvetica,sans-serif;\"><span style=\"font-size:14px;\"><img decoding=\"async\" alt=\"B\u1ea3n m\u00e3 ch\u00e2n c\u1ed9t 2\" src=\"http:\/\/localhost\/o\/wp-content\/uploads\/2025\/08\/ban-ma-chan-cot-2.jpg\" style=\"width: 1366px; height: 768px;\" title=\"ban-ma-chan-cot-2\"><\/span><\/span><\/p>\n<p style=\"text-align: center;\"><strong><span style=\"font-family:Arial,Helvetica,sans-serif;\"><span style=\"font-size:14px;\">M\u1eabu b\u1ea3n m\u00e3 ch\u00e2n c\u1ed9t d\u00e0y 8mm\u00a0<\/span><\/span><\/strong><\/p>\n<h3 style=\"text-align: justify; line-height: normal;\"><span style=\"font-family:Arial,Helvetica,sans-serif;\"><span style=\"font-size:14px;\"><strong>4 \u1ee8ng D\u1ee5ng C\u1ee7a B\u1ea3n M\u00e3 Ch\u00e2n C\u1ed9t V\u00e0 B\u1ea3n M\u00e3 \u0110\u1ea7u C\u1ecdc<\/strong><\/span><\/span><\/h3>\n<h3 style=\"text-align: justify; line-height: normal;\"><span style=\"font-family:Arial,Helvetica,sans-serif;\"><span style=\"font-size:14px;\"><strong>K\u1ebft c\u1ea5u nh\u00e0 x\u01b0\u1edfng, nh\u00e0 th\u00e9p ti\u1ec1n ch\u1ebf<\/strong>: Gi\u00fap li\u00ean k\u1ebft c\u1ed9t th\u00e9p v\u1edbi n\u1ec1n b\u00ea t\u00f4ng, t\u1ea1o \u0111\u1ed9 \u1ed5n \u0111\u1ecbnh cao.<\/span><\/span><\/h3>\n<h3 style=\"text-align: justify; line-height: normal;\"><span style=\"font-family:Arial,Helvetica,sans-serif;\"><span style=\"font-size:14px;\"><strong>C\u00f4ng tr\u00ecnh giao th\u00f4ng<\/strong>: S\u1eed d\u1ee5ng trong c\u00e1c tr\u1ee5 c\u1ea7u, c\u1ed9t \u0111\u00e8n chi\u1ebfu s\u00e1ng, bi\u1ec3n b\u00e1o giao th\u00f4ng.<\/span><\/span><\/h3>\n<p style=\"text-align:justify;\"><span style=\"font-family:Arial,Helvetica,sans-serif;\"><span style=\"font-size:14px;\"><span style=\"background:white;\"><span style=\"color:#1f1f1f;\">B\u1ea3n m\u00e3 Ch\u00e2n C\u1ed9t , b\u1ea3n m\u00e3 \u0111\u1ea7u c\u1ecdc hay c\u00f2n g\u1ecdi l\u00e0 B\u1ea3n m\u00e3 s\u1eaft, B\u1ea3n m\u00e3 th\u00e9p ch\u00fang c\u00f3 th\u1ec3 l\u00e0 h\u00ecnh vu\u00f4ng, h\u00ecnh tr\u00f2n, h\u00ecnh ch\u1eef nh\u1eadt, l\u1ee5c gi\u00e1c, tam gi\u00e1c\u2026.<\/span><\/span><\/span><\/span><\/p>\n<p style=\"text-align: center;\"><span style=\"font-family:Arial,Helvetica,sans-serif;\"><span style=\"font-size:14px;\"><span style=\"background:white;\"><span style=\"color:#1f1f1f;\"><img decoding=\"async\" alt=\"B\u1ea3n m\u00e3 ch\u00e2n c\u1ed9t\" src=\"http:\/\/localhost\/o\/wp-content\/uploads\/2025\/08\/ban-ma-chan-cot-3.jpg\" style=\"width: 1366px; height: 768px;\" title=\"ban-ma-chan-cot-3\"><\/span><\/span><\/span><\/span><\/p>\n<p style=\"text-align: center;\"><strong><span style=\"font-family:Arial,Helvetica,sans-serif;\"><span style=\"font-size:14px;\"><span style=\"background:white;\"><span style=\"color:#1f1f1f;\">B\u1ea3n M\u00e3 ch\u00e2n c\u1ed9t\u00a0<\/span><\/span><\/span><\/span><\/strong><\/p>\n<p style=\"text-align:justify;line-height:normal;\"><span style=\"font-family:Arial,Helvetica,sans-serif;\"><span style=\"font-size:14px;\"><strong>L\u01b0u \u00fd khi s\u1eed d\u1ee5ng b\u1ea3n m\u00e3 ch\u00e2n c\u1ed9t<\/strong><\/span><\/span><\/p>\n<p style=\"text-align:justify;line-height:normal;\"><span style=\"font-family:Arial,Helvetica,sans-serif;\"><span style=\"font-size:14px;\">\u0110\u1ec3 \u0111\u1ea3m b\u1ea3o an to\u00e0n v\u00e0 hi\u1ec7u qu\u1ea3 trong x\u00e2y d\u1ef1ng, c\u1ea7n ch\u00fa \u00fd c\u00e1c y\u1ebfu t\u1ed1 sau khi s\u1eed d\u1ee5ng b\u1ea3n m\u00e3 ch\u00e2n c\u1ed9t:<\/span><\/span><\/p>\n<ul>\n<li style=\"text-align:justify;line-height:normal;\"><span style=\"font-family:Arial,Helvetica,sans-serif;\"><span style=\"font-size:14px;\"><strong>K\u00edch th\u01b0\u1edbc ph\u00f9 h\u1ee3p<\/strong>: Chi\u1ec1u r\u1ed9ng b\u1ea3n m\u00e3 \u0111\u1ee7 l\u1edbn \u0111\u1ec3 b\u1ed1 tr\u00ed bu l\u00f4ng v\u00e0 m\u1ed1i h\u00e0n, tr\u00e1nh gi\u1ea3m kh\u1ea3 n\u0103ng ch\u1ecbu l\u1ef1c.<\/span><\/span><\/li>\n<li style=\"text-align:justify;line-height:normal;\"><span style=\"font-family:Arial,Helvetica,sans-serif;\"><span style=\"font-size:14px;\"><strong>\u0110\u1ed9 d\u00e0y h\u1ee3p l\u00fd<\/strong>: \u0110\u1ea3m b\u1ea3o \u0111\u1ed9 b\u1ec1n m\u00e0 kh\u00f4ng g\u00e2y \u1ea3nh h\u01b0\u1edfng \u0111\u1ebfn bu l\u00f4ng ho\u1eb7c l\u00e0m n\u00f3ng ch\u1ea3y th\u00e9p.<\/span><\/span><\/li>\n<li style=\"text-align:justify;line-height:normal;\"><span style=\"font-family:Arial,Helvetica,sans-serif;\"><span style=\"font-size:14px;\"><strong>G\u00f3c li\u00ean k\u1ebft<\/strong>: Kh\u00f4ng nh\u1ecf h\u01a1n 150\u00b0 \u0111\u1ec3 duy tr\u00ec kh\u1ea3 n\u0103ng truy\u1ec1n l\u1ef1c t\u1ed1t.<\/span><\/span><\/li>\n<li style=\"text-align:justify;line-height:normal;\"><span style=\"font-family:Arial,Helvetica,sans-serif;\"><span style=\"font-size:14px;\"><strong>Ch\u1ea5t l\u01b0\u1ee3ng b\u1ec1 m\u1eb7t<\/strong>: Kh\u00f4ng n\u1ee9t, kh\u00f4ng g\u1ec9 s\u00e9t \u0111\u1ec3 tr\u00e1nh \u1ea3nh h\u01b0\u1edfng \u0111\u1ebfn \u0111\u1ed9 b\u1ec1n li\u00ean k\u1ebft.<\/span><\/span><\/li>\n<li style=\"text-align:justify;line-height:normal;\"><span style=\"font-family:Arial,Helvetica,sans-serif;\"><span style=\"font-size:14px;\"><strong>L\u1eafp \u0111\u1eb7t \u0111\u00fang k\u1ef9 thu\u1eadt<\/strong>: Tu\u00e2n theo b\u1ea3n v\u1ebd thi\u1ebft k\u1ebf v\u00e0 ti\u00eau chu\u1ea9n hi\u1ec7n h\u00e0nh.<\/span><\/span><\/li>\n<\/ul>\n<p style=\"text-align:justify;line-height:normal;\"><span style=\"font-family:Arial,Helvetica,sans-serif;\"><span style=\"font-size:14px;\">Tu\u00e2n th\u1ee7 c\u00e1c l\u01b0u \u00fd tr\u00ean gi\u00fap n\u00e2ng cao \u0111\u1ed9 b\u1ec1n v\u00e0 an to\u00e0n cho c\u00f4ng tr\u00ecnh.<\/span><\/span><\/p>\n<p style=\"line-height: normal; text-align: center;\"><span style=\"font-family:Arial,Helvetica,sans-serif;\"><span style=\"font-size:14px;\"><img decoding=\"async\" alt=\"B\u1ea3n m\u00e3 ch\u00e2n c\u1ed9t\" src=\"http:\/\/localhost\/o\/wp-content\/uploads\/2025\/08\/ban-ma-chan-cot-4.jpg\" style=\"width: 950px; height: 534px;\" title=\"ban-ma-chan-cot-4\"><\/span><\/span><\/p>\n<p style=\"line-height: normal; text-align: center;\"><span style=\"font-family:Arial,Helvetica,sans-serif;\"><span style=\"font-size:14px;\">M\u1eabu B\u1ea3n m\u00e3 ch\u00e2n c\u1ed9t\u00a0<\/span><\/span><\/p>\n<h2 style=\"line-height: normal; text-align: justify;\"><strong><span style=\"font-family:Arial,Helvetica,sans-serif;\"><span style=\"font-size:14px;\">5. B\u00e1o Gi\u00e1 B\u1ea3n M\u00e3 Ch\u00e2n C\u1ed9t<\/span><\/span><\/strong><\/h2>\n<p style=\"text-align:justify;\"><span style=\"font-family:Arial,Helvetica,sans-serif;\"><span style=\"font-size:14px;\">Gi\u00e1 b\u1ea3n m\u00e3 ch\u00e2n c\u1ed9t ph\u1ee5 thu\u1ed9c v\u00e0o nhi\u1ec1u y\u1ebfu t\u1ed1 nh\u01b0 k\u00edch th\u01b0\u1edbc, \u0111\u1ed9 d\u00e0y, lo\u1ea1i th\u00e9p s\u1eed d\u1ee5ng, s\u1ed1 l\u01b0\u1ee3ng \u0111\u1eb7t h\u00e0ng v\u00e0 y\u00eau c\u1ea7u gia c\u00f4ng. Th\u00e0nh An cung c\u1ea5p c\u00e1c lo\u1ea1i b\u1ea3n m\u00e3 ch\u00e2n c\u1ed9t v\u1edbi m\u1ee9c gi\u00e1 c\u1ea1nh tranh, \u0111\u1ea3m b\u1ea3o ch\u1ea5t l\u01b0\u1ee3ng v\u00e0 \u0111\u00e1p \u1ee9ng y\u00eau c\u1ea7u k\u1ef9 thu\u1eadt c\u1ee7a kh\u00e1ch h\u00e0ng.<\/span><\/span><\/p>\n<p style=\"text-align:justify;\"><span style=\"font-family:Arial,Helvetica,sans-serif;\"><span style=\"font-size:14px;\"><strong>B\u1ea3ng gi\u00e1 tham kh\u1ea3o:<\/strong><\/span><\/span><\/p>\n<ul>\n<li style=\"text-align:justify;\"><!--[if--><!--[endif]--><span style=\"font-family:Arial,Helvetica,sans-serif;\"><span style=\"font-size:14px;\">B\u1ea3n m\u00e3 ch\u00e2n c\u1ed9t th\u00e9p SS400 d\u00e0y 6mm: <strong>Li\u00ean h\u1ec7 b\u00e1o gi\u00e1<\/strong><\/span><\/span><!--![endif]--><!--![if--><\/li>\n<li style=\"text-align:justify;\"><!--[if--><!--[if--><!--[endif]--><!--[endif]--><span style=\"font-family:Arial,Helvetica,sans-serif;\"><span style=\"font-size:14px;\">B\u1ea3n m\u00e3 ch\u00e2n c\u1ed9t th\u00e9p SS400 d\u00e0y 10mm: <strong>Li\u00ean h\u1ec7 b\u00e1o gi\u00e1<\/strong><\/span><\/span><!--![endif]--><!--![endif]--><!--![if--><!--![if--><\/li>\n<li style=\"text-align:justify;\"><!--[if--><!--[if--><!--[if--><!--[endif]--><!--[endif]--><!--[endif]--><span style=\"font-family:Arial,Helvetica,sans-serif;\"><span style=\"font-size:14px;\">B\u1ea3n m\u00e3 ch\u00e2n c\u1ed9t th\u00e9p SS400 d\u00e0y 20mm: <strong>Li\u00ean h\u1ec7 b\u00e1o gi\u00e1<\/strong><\/span><\/span><!--![endif]--><!--![endif]--><!--![endif]--><!--![if--><!--![if--><!--![if--><\/li>\n<li style=\"text-align:justify;\"><!--[if--><!--[if--><!--[if--><!--[if--><!--[endif]--><!--[endif]--><!--[endif]--><!--[endif]--><span style=\"font-family:Arial,Helvetica,sans-serif;\"><span style=\"font-size:14px;\">Gia c\u00f4ng l\u1ed7 bu l\u00f4ng theo y\u00eau c\u1ea7u: <strong>Li\u00ean h\u1ec7 b\u00e1o gi\u00e1<\/strong><\/span><\/span><!--![endif]--><!--![endif]--><!--![endif]--><!--![endif]--><!--![if--><!--![if--><!--![if--><!--![if--><\/li>\n<\/ul>\n<p style=\"text-align:justify;\"><span style=\"font-family:Arial,Helvetica,sans-serif;\"><span style=\"font-size:14px;\">L\u01b0u \u00fd: Gi\u00e1 c\u00f3 th\u1ec3 thay \u0111\u1ed5i theo th\u1ecb tr\u01b0\u1eddng v\u00e0 s\u1ed1 l\u01b0\u1ee3ng \u0111\u01a1n h\u00e0ng. \u0110\u1ec3 nh\u1eadn b\u00e1o gi\u00e1 chi ti\u1ebft v\u00e0 ch\u00ednh x\u00e1c nh\u1ea5t, vui l\u00f2ng li\u00ean h\u1ec7 tr\u1ef1c ti\u1ebfp v\u1edbi ch\u00fang t\u00f4i.<\/span><\/span><\/p>\n<h3 style=\"text-align:justify;\"><strong><span style=\"font-family:Arial,Helvetica,sans-serif;\"><span style=\"font-size:14px;\">Ph\u01b0\u01a1ng Ph\u00e1p C\u1eaft B\u1ea3n M\u00e3 Theo Y\u00eau C\u1ea7u<\/span><\/span><\/strong><\/h3>\n<p style=\"text-align:justify;\"><span style=\"font-family:Arial,Helvetica,sans-serif;\"><span style=\"font-size:14px;\">Th\u00e0nh An cung c\u1ea5p d\u1ecbch v\u1ee5 gia c\u00f4ng b\u1ea3n m\u00e3 theo y\u00eau c\u1ea7u v\u1edbi c\u00e1c ph\u01b0\u01a1ng ph\u00e1p c\u1eaft hi\u1ec7n \u0111\u1ea1i, \u0111\u1ea3m b\u1ea3o \u0111\u1ed9 ch\u00ednh x\u00e1c cao:<\/span><\/span><\/p>\n<ul>\n<li style=\"text-align:justify;\"><!--[if--><!--[if--><!--[if--><!--[if--><!--[if--><!--[endif]--><!--[endif]--><!--[endif]--><!--[endif]--><!--[endif]--><span style=\"font-family:Arial,Helvetica,sans-serif;\"><span style=\"font-size:14px;\"><strong>C\u1eaft laser<\/strong>: S\u1eed d\u1ee5ng c\u00f4ng ngh\u1ec7 laser ti\u00ean ti\u1ebfn, cho \u0111\u01b0\u1eddng c\u1eaft m\u1ecbn, kh\u00f4ng b\u1ecb ba via, ph\u00f9 h\u1ee3p v\u1edbi c\u00e1c b\u1ea3n m\u00e3 y\u00eau c\u1ea7u \u0111\u1ed9 ch\u00ednh x\u00e1c cao.<\/span><\/span><!--![endif]--><!--![endif]--><!--![endif]--><!--![endif]--><!--![endif]--><!--![if--><!--![if--><!--![if--><!--![if--><!--![if--><\/li>\n<li style=\"text-align:justify;\"><!--[if--><!--[if--><!--[if--><!--[if--><!--[if--><!--[if--><!--[endif]--><!--[endif]--><!--[endif]--><!--[endif]--><!--[endif]--><!--[endif]--><span style=\"font-family:Arial,Helvetica,sans-serif;\"><span style=\"font-size:14px;\"><strong>C\u1eaft plasma<\/strong>: Ph\u00f9 h\u1ee3p v\u1edbi b\u1ea3n m\u00e3 c\u00f3 \u0111\u1ed9 d\u00e0y l\u1edbn, \u0111\u1ea3m b\u1ea3o \u0111\u01b0\u1eddng c\u1eaft nhanh v\u00e0 ti\u1ebft ki\u1ec7m chi ph\u00ed.<\/span><\/span><!--![endif]--><!--![endif]--><!--![endif]--><!--![endif]--><!--![endif]--><!--![endif]--><!--![if--><!--![if--><!--![if--><!--![if--><!--![if--><!--![if--><\/li>\n<li style=\"text-align:justify;\"><!--[if--><!--[if--><!--[if--><!--[if--><!--[if--><!--[if--><!--[if--><!--[endif]--><!--[endif]--><!--[endif]--><!--[endif]--><!--[endif]--><!--[endif]--><!--[endif]--><span style=\"font-family:Arial,Helvetica,sans-serif;\"><span style=\"font-size:14px;\"><strong>C\u1eaft b\u1eb1ng m\u00e1y ch\u1eb7t (m\u00e1y c\u1eaft th\u1ee7y l\u1ef1c)<\/strong>: \u00c1p d\u1ee5ng cho c\u00e1c b\u1ea3n m\u00e3 c\u00f3 \u0111\u1ed9 d\u00e0y v\u1eeba ph\u1ea3i, ti\u1ebft ki\u1ec7m th\u1eddi gian v\u00e0 chi ph\u00ed.<\/span><\/span><!--![endif]--><!--![endif]--><!--![endif]--><!--![endif]--><!--![endif]--><!--![endif]--><!--![endif]--><!--![if--><!--![if--><!--![if--><!--![if--><!--![if--><!--![if--><!--![if--><\/li>\n<\/ul>\n<h2 style=\"text-align: justify;\"><strong><span style=\"font-family:Arial,Helvetica,sans-serif;\"><span style=\"font-size:14px;\">4. \u0110\u1ecba Ch\u1ec9 Cung C\u1ea5p B\u1ea3n M\u00e3 Ch\u00e2n C\u1ed9t theo y\u00ean c\u1ea7u, Uy T\u00edn<\/span><\/span><\/strong><\/h2>\n<p style=\"text-align:justify;\"><span style=\"font-family:Arial,Helvetica,sans-serif;\"><span style=\"font-size:14px;\">Th\u00e0nh An l\u00e0 \u0111\u01a1n v\u1ecb chuy\u00ean cung c\u1ea5p c\u00e1c lo\u1ea1i <a href=\"https:\/\/satmythuatthanhan.com\/ban-ma-chan-cot\"><strong>b\u1ea3n m\u00e3 ch\u00e2n c\u1ed9t<\/strong><\/a> v\u00e0 b\u1ea3n m\u00e3 \u0111\u1ea7u c\u1ecdc ch\u1ea5t l\u01b0\u1ee3ng cao, \u0111\u1ea3m b\u1ea3o \u0111\u00fang ti\u00eau chu\u1ea9n k\u1ef9 thu\u1eadt v\u1edbi gi\u00e1 c\u1ea3 c\u1ea1nh tranh. Ch\u00fang t\u00f4i nh\u1eadn gia c\u00f4ng b\u1ea3n m\u00e3 theo y\u00eau c\u1ea7u, h\u1ed7 tr\u1ee3 giao h\u00e0ng nhanh ch\u00f3ng tr\u00ean to\u00e0n qu\u1ed1c.<\/span><\/span><\/p>\n<p style=\"text-align:justify;\"><span style=\"font-family:Arial,Helvetica,sans-serif;\"><span style=\"font-size:14px;\">Li\u00ean h\u1ec7 ngay \u0111\u1ec3 \u0111\u01b0\u1ee3c t\u01b0 v\u1ea5n v\u00e0 b\u00e1o gi\u00e1:<\/span><\/span><\/p>\n<ul>\n<li style=\"text-align:justify;\"><!--[if--><!--[if--><!--[if--><!--[if--><!--[if--><!--[if--><!--[if--><!--[if--><!--[endif]--><!--[endif]--><!--[endif]--><!--[endif]--><!--[endif]--><!--[endif]--><!--[endif]--><!--[endif]--><span style=\"font-family:Arial,Helvetica,sans-serif;\"><span style=\"font-size:14px;\"><strong>Hotline:<\/strong> 0984606488 (Ms. H\u00e0)<\/span><\/span><!--![endif]--><!--![endif]--><!--![endif]--><!--![endif]--><!--![endif]--><!--![endif]--><!--![endif]--><!--![endif]--><!--![if--><!--![if--><!--![if--><!--![if--><!--![if--><!--![if--><!--![if--><!--![if--><\/li>\n<li style=\"text-align:justify;\"><!--[if--><!--[if--><!--[if--><!--[if--><!--[if--><!--[if--><!--[if--><!--[if--><!--[if--><!--[endif]--><!--[endif]--><!--[endif]--><!--[endif]--><!--[endif]--><!--[endif]--><!--[endif]--><!--[endif]--><!--[endif]--><span style=\"font-family:Arial,Helvetica,sans-serif;\"><span style=\"font-size:14px;\"><strong>\u0110\u1ecba ch\u1ec9:<\/strong> Th\u00e0nh An, chuy\u00ean cung c\u1ea5p v\u1eadt li\u1ec7u x\u00e2y d\u1ef1ng uy t\u00edn.<\/span><\/span><!--![endif]--><!--![endif]--><!--![endif]--><!--![endif]--><!--![endif]--><!--![endif]--><!--![endif]--><!--![endif]--><!--![endif]--><!--![if--><!--![if--><!--![if--><!--![if--><!--![if--><!--![if--><!--![if--><!--![if--><!--![if--><\/li>\n<\/ul>\n<p style=\"text-align: justify;\"><span style=\"font-family:Arial,Helvetica,sans-serif;\"><span style=\"font-size:14px;\">V\u1edbi \u0111\u1ed9i ng\u0169 k\u1ef9 thu\u1eadt gi\u00e0u kinh nghi\u1ec7m v\u00e0 h\u1ec7 th\u1ed1ng m\u00e1y m\u00f3c hi\u1ec7n \u0111\u1ea1i, ch\u00fang t\u00f4i cam k\u1ebft mang \u0111\u1ebfn nh\u1eefng s\u1ea3n ph\u1ea9m ch\u1ea5t l\u01b0\u1ee3ng, \u0111\u00e1p \u1ee9ng t\u1ed1t nh\u1ea5t nhu c\u1ea7u c\u1ee7a kh\u00e1ch h\u00e0ng<\/span><\/span><\/p>\n<\/div>\n","protected":false},"excerpt":{"rendered":"<p>B\u1ea3n m\u00e3 ch\u00e2n c\u1ed9t l\u00e0 m\u1ed9t lo\u1ea1i t\u1ea5m th\u00e9p \u0111\u01b0\u1ee3c thi\u1ebft k\u1ebf \u0111\u1eb7c bi\u1ec7t \u0111\u1ec3 g\u1eafn k\u1ebft v\u00e0 c\u1ed1 \u0111\u1ecbnh ch\u00e2n c\u1ed9t v\u1edbi n\u1ec1n m\u00f3ng. \u0110\u00e2y l\u00e0 m\u1ed9t th\u00e0nh ph\u1ea7n kh\u00f4ng th\u1ec3 thi\u1ebfu trong c\u00e1c c\u00f4ng tr\u00ecnh x\u00e2y d\u1ef1ng, gi\u00fap t\u0103ng c\u01b0\u1eddng \u0111\u1ed9 \u1ed5n \u0111\u1ecbnh v\u00e0 \u0111\u1ea3m b\u1ea3o s\u1ef1 v\u1eefng ch\u1eafc cho h\u1ec7 th\u1ed1ng k\u1ebft c\u1ea5u c\u1ed9t tr\u1ee5.<\/p>\n","protected":false},"featured_media":971,"comment_status":"open","ping_status":"closed","template":"","meta":[],"product_cat":[17],"product_tag":[],"_links":{"self":[{"href":"https:\/\/satmythuatgiare.com\/index.php?rest_route=\/wp\/v2\/product\/970"}],"collection":[{"href":"https:\/\/satmythuatgiare.com\/index.php?rest_route=\/wp\/v2\/product"}],"about":[{"href":"https:\/\/satmythuatgiare.com\/index.php?rest_route=\/wp\/v2\/types\/product"}],"replies":[{"embeddable":true,"href":"https:\/\/satmythuatgiare.com\/index.php?rest_route=%2Fwp%2Fv2%2Fcomments&post=970"}],"wp:featuredmedia":[{"embeddable":true,"href":"https:\/\/satmythuatgiare.com\/index.php?rest_route=\/wp\/v2\/media\/971"}],"wp:attachment":[{"href":"https:\/\/satmythuatgiare.com\/index.php?rest_route=%2Fwp%2Fv2%2Fmedia&parent=970"}],"wp:term":[{"taxonomy":"product_cat","embeddable":true,"href":"https:\/\/satmythuatgiare.com\/index.php?rest_route=%2Fwp%2Fv2%2Fproduct_cat&post=970"},{"taxonomy":"product_tag","embeddable":true,"href":"https:\/\/satmythuatgiare.com\/index.php?rest_route=%2Fwp%2Fv2%2Fproduct_tag&post=970"}],"curies":[{"name":"wp","href":"https:\/\/api.w.org\/{rel}","templated":true}]}}