{"id":927,"date":"2025-08-26T14:59:45","date_gmt":"2025-08-26T14:59:45","guid":{"rendered":"http:\/\/localhost\/o\/?product=tam-pano-cua-sat-mau-va-bao-gia"},"modified":"2025-08-26T14:59:45","modified_gmt":"2025-08-26T14:59:45","slug":"tam-pano-cua-sat-mau-va-bao-gia","status":"publish","type":"product","link":"https:\/\/satmythuatgiare.com\/?product=tam-pano-cua-sat-mau-va-bao-gia","title":{"rendered":"T\u1ea5m Pano C\u1eeda S\u1eaft &#8211; M\u1eabu v\u00e0 B\u00e1o Gi\u00e1"},"content":{"rendered":"<\/p>\n<div class=\"content-tabs-pro-detail info-pro-detail active text\">\n<p style=\"text-align:justify;line-height:normal;\"><span style=\"font-family:Arial,Helvetica,sans-serif;\"><span style=\"font-size:14px;\">Trong l\u0129nh v\u1ef1c c\u01a1 kh\u00ed s\u1eaft m\u1ef9 thu\u1eadt, <a href=\"https:\/\/satmythuatthanhan.com\/tam-pano-cua-sat-mau-va-bao-gia\"><strong>t\u1ea5m pano c\u1eeda s\u1eaft<\/strong><\/a> l\u00e0 m\u1ed9t s\u1ea3n ph\u1ea9m kh\u00f4ng th\u1ec3 thi\u1ebfu, mang l\u1ea1i v\u1ebb \u0111\u1eb9p hi\u1ec7n \u0111\u1ea1i, b\u1ec1n ch\u1eafc v\u00e0 sang tr\u1ecdng cho ng\u00f4i nh\u00e0, c\u1eeda h\u00e0ng, nh\u00e0 m\u00e1y, bi\u1ec7t th\u1ef1 hay c\u1ed5ng r\u00e0o. V\u1edbi nhi\u1ec1u n\u0103m kinh nghi\u1ec7m, <a href=\"https:\/\/satmythuatthanhan.com\/\"><strong>C\u00f4ng Ty Th\u00e0nh An<\/strong><\/a> t\u1ef1 h\u00e0o l\u00e0 \u0111\u01a1n v\u1ecb chuy\u00ean <strong>s\u1ea3n xu\u1ea5t v\u00e0 cung c\u1ea5p t\u1ea5m pano c\u1eeda s\u1eaft<\/strong> ch\u1ea5t l\u01b0\u1ee3ng cao, m\u1eabu m\u00e3 \u0111a d\u1ea1ng, gi\u00e1 th\u00e0nh c\u1ea1nh tranh nh\u1ea5t th\u1ecb tr\u01b0\u1eddng. HOTLINE T\u01af V\u1ea4N V\u00c0 B\u00c1O GI\u00c1 : 0984606488 \u2013 MS H\u00c0<\/span><\/span><\/p>\n<p style=\"line-height: normal; text-align: center;\"><img decoding=\"async\" alt=\"t\u1ea5m pano c\u1eeda s\u1eaft 33\" src=\"http:\/\/localhost\/o\/wp-content\/uploads\/2025\/08\/tam-pano-cua-sat-33.jpg\" style=\"width: 1366px; height: 768px;\" title=\"tam-pano-cua-sat-33\"><\/p>\n<p style=\"line-height: normal; text-align: center;\">M\u1eabu t\u1ea5m Pano C\u1eeda S\u1eaft D\u1eadp hoa v\u0103n n\u1ed5i\u00a0<\/p>\n<h2 style=\"text-align: justify; line-height: normal;\"><span style=\"font-family:Arial,Helvetica,sans-serif;\"><span style=\"font-size:14px;\"><strong>1. T\u1ea5m pano c\u1eeda s\u1eaft l\u00e0 g\u00ec?<\/strong><\/span><\/span><\/h2>\n<p style=\"text-align:justify;line-height:normal;\"><span style=\"font-family:Arial,Helvetica,sans-serif;\"><span style=\"font-size:14px;\">T\u1ea5m pano c\u1eeda s\u1eaft l\u00e0 nh\u1eefng t\u1ea5m s\u1eaft ph\u1eb3ng ho\u1eb7c hoa v\u0103n \u0111\u01b0\u1ee3c h\u00e0n ho\u1eb7c g\u1eafn l\u00ean b\u1ec1 m\u1eb7t c\u1eeda s\u1eaft, c\u1eeda c\u1ed5ng \u0111\u1ec3 t\u0103ng \u0111\u1ed9 c\u1ee9ng, \u0111\u1ed9 b\u1ec1n, ch\u1ed1ng nh\u00ecn xuy\u00ean, ch\u1ed1ng va \u0111\u1eadp v\u00e0 \u0111\u1ed3ng th\u1eddi t\u1ea1o \u0111i\u1ec3m nh\u1ea5n th\u1ea9m m\u1ef9. C\u00f3 th\u1ec3 n\u00f3i, pano l\u00e0 \u201cm\u1eb7t ti\u1ec1n\u201d c\u1ee7a b\u1ed9 c\u1eeda s\u1eaft, quy\u1ebft \u0111\u1ecbnh ph\u1ea7n l\u1edbn \u0111\u1ebfn v\u1ebb ngo\u00e0i sang tr\u1ecdng hay \u0111\u01a1n gi\u1ea3n, hi\u1ec7n \u0111\u1ea1i hay c\u1ed5 \u0111i\u1ec3n c\u1ee7a c\u00f4ng tr\u00ecnh.<\/span><\/span><\/p>\n<p style=\"line-height: normal; text-align: center;\"><img decoding=\"async\" alt=\"t\u1ea5m pano c\u1eeda s\u1eaft 35\" src=\"http:\/\/localhost\/o\/wp-content\/uploads\/2025\/08\/tam-pano-cua-sat-34.jpg\" style=\"width: 1366px; height: 768px;\" title=\"tam-pano-cua-sat-34\"><\/p>\n<p style=\"line-height: normal; text-align: center;\"><strong>M\u1eabu T\u1ea5m Pano C\u1eeda S\u1eaft T\u1ea1i Th\u00e0nh An<\/strong><\/p>\n<p style=\"text-align:justify;line-height:normal;\"><span style=\"font-family:Arial,Helvetica,sans-serif;\"><span style=\"font-size:14px;\">T\u1ea5m pano c\u1eeda s\u1eaft th\u01b0\u1eddng \u0111\u01b0\u1ee3c l\u00e0m t\u1eeb, s\u1eaft t\u1ea5m, th\u00e9p c\u1eaft CNC, inox ho\u1eb7c k\u1ebft h\u1ee3p c\u00e1c lo\u1ea1i v\u1eadt li\u1ec7u kh\u00e1c nh\u01b0 k\u00ednh c\u01b0\u1eddng l\u1ef1c, g\u1ed7, nh\u1ef1a gi\u1ea3 g\u1ed7 t\u00f9y theo nhu c\u1ea7u thi\u1ebft k\u1ebf.<\/span><\/span><\/p>\n<h2 style=\"text-align: justify; line-height: normal;\"><span style=\"font-family:Arial,Helvetica,sans-serif;\"><span style=\"font-size:14px;\"><strong>2. C\u00e1c m\u1eabu t\u1ea5m pano c\u1eeda s\u1eaft ph\u1ed5 bi\u1ebfn<\/strong><\/span><\/span><\/h2>\n<p style=\"text-align:justify;line-height:normal;\"><span style=\"font-family:Arial,Helvetica,sans-serif;\"><span style=\"font-size:14px;\">T\u1ea1i <strong>C\u00f4ng Ty Th\u00e0nh An<\/strong>, ch\u00fang t\u00f4i cung c\u1ea5p \u0111a d\u1ea1ng c\u00e1c m\u1eabu t\u1ea5m pano c\u1eeda s\u1eaft, \u0111\u00e1p \u1ee9ng m\u1ecdi nhu c\u1ea7u c\u1ee7a kh\u00e1ch h\u00e0ng t\u1eeb d\u00e2n d\u1ee5ng \u0111\u1ebfn c\u00f4ng tr\u00ecnh l\u1edbn:<\/span><\/span><\/p>\n<p style=\"line-height: normal; text-align: center;\"><span style=\"font-family:Arial,Helvetica,sans-serif;\"><span style=\"font-size:14px;\"><img decoding=\"async\" alt=\"T\u1ea5m pano c\u1eeda s\u1eaft 40\" src=\"http:\/\/localhost\/o\/wp-content\/uploads\/2025\/08\/tam-pano-cua-sat-41.jpg\" style=\"width: 1366px; height: 768px;\" title=\"tam-pano-cua-sat-41\"><\/span><\/span><\/p>\n<h3 style=\"line-height: normal; text-align: center;\"><span style=\"font-family:Arial,Helvetica,sans-serif;\"><span style=\"font-size:14px;\"><strong>T\u1ea5m pano c\u1eeda s\u1eaft t\u1ea1i Th\u00e0nh An\u00a0<\/strong><\/span><\/span><\/h3>\n<p style=\"text-align:justify;line-height:normal;\"><span style=\"font-family:Arial,Helvetica,sans-serif;\"><span style=\"font-size:14px;\">\u00a0<strong>Pano c\u1eeda s\u1eaft \u0111\u01a1n gi\u1ea3n<\/strong>: Ch\u1ec9 d\u00f9ng t\u1ea5m s\u1eaft ph\u1eb3ng ho\u1eb7c c\u1eaft CNC h\u00ecnh h\u1ecdc, ph\u00f9 h\u1ee3p nh\u00e0 ph\u1ed1, c\u1eeda h\u00e0ng, c\u00f4ng tr\u00ecnh c\u1ea7n t\u00ednh hi\u1ec7n \u0111\u1ea1i, t\u1ed1i gi\u1ea3n.<\/span><\/span><\/p>\n<p style=\"line-height: normal; text-align: center;\"><span style=\"font-family:Arial,Helvetica,sans-serif;\"><span style=\"font-size:14px;\"><img decoding=\"async\" alt=\"T\u1ea5m pano c\u1eeda s\u1eaft\" src=\"http:\/\/localhost\/o\/wp-content\/uploads\/2025\/08\/tam-pano-cua-sat-35.jpg\" style=\"width: 1366px; height: 768px;\" title=\"tam-pano-cua-sat-35\"><\/span><\/span><\/p>\n<p style=\"line-height: normal; text-align: center;\"><span style=\"font-family:Arial,Helvetica,sans-serif;\"><span style=\"font-size:14px;\">M\u1eabu T\u1ea5m pano c\u1eeda s\u1eaft Ch\u1ea5n hoa v\u0103n<\/span><\/span><\/p>\n<p style=\"text-align:justify;line-height:normal;\"><span style=\"font-family:Arial,Helvetica,sans-serif;\"><span style=\"font-size:14px;\"><strong>Pano c\u1eeda s\u1eaft hoa v\u0103n CNC<\/strong>: S\u1eed d\u1ee5ng m\u00e1y c\u1eaft CNC t\u1ea1o hoa v\u0103n tinh x\u1ea3o, h\u1ecda ti\u1ebft u\u1ed1n l\u01b0\u1ee3n, ph\u00f9 h\u1ee3p bi\u1ec7t th\u1ef1, c\u1ed5ng r\u00e0o sang tr\u1ecdng, nh\u00e0 v\u01b0\u1eddn.<\/span><\/span><\/p>\n<p style=\"line-height: normal; text-align: center;\"><span style=\"font-family:Arial,Helvetica,sans-serif;\"><span style=\"font-size:14px;\"><img decoding=\"async\" alt=\"T\u1ea5m Pano C\u1eeda S\u1eaft 36\" src=\"http:\/\/localhost\/o\/wp-content\/uploads\/2025\/08\/tam-pano-cua-sat-36-1.jpg\" style=\"width: 950px; height: 534px;\" title=\"tam-pano-cua-sat-36-1\"><\/span><\/span><\/p>\n<p style=\"line-height: normal; text-align: center;\"><span style=\"font-family:Arial,Helvetica,sans-serif;\"><span style=\"font-size:14px;\">M\u1eabu t\u1ea5m pano C\u1eeda S\u1eaft T\u1ea1i Th\u00e0nh An<\/span><\/span><\/p>\n<p style=\"text-align:justify;line-height:normal;\"><span style=\"font-family:Arial,Helvetica,sans-serif;\"><span style=\"font-size:14px;\">\u00a0<strong>Pano c\u1eeda s\u1eaft k\u1ebft h\u1ee3p g\u1ed7<\/strong>: K\u1ebft h\u1ee3p pano s\u1eaft v\u1edbi g\u1ed7 t\u1ef1 nhi\u00ean ho\u1eb7c g\u1ed7 nh\u1ef1a \u0111\u1ec3 t\u0103ng t\u00ednh th\u1ea9m m\u1ef9, t\u1ea1o c\u1ea3m gi\u00e1c \u1ea5m \u00e1p, g\u1ea7n g\u0169i.<\/span><\/span><\/p>\n<p style=\"text-align:justify;line-height:normal;\"><span style=\"font-family:Arial,Helvetica,sans-serif;\"><span style=\"font-size:14px;\">\u00a0<strong>Pano c\u1eeda s\u1eaft k\u1ebft h\u1ee3p k\u00ednh<\/strong>: S\u1eed d\u1ee5ng k\u00ednh c\u01b0\u1eddng l\u1ef1c d\u00e1n pano gi\u00fap l\u1ea5y s\u00e1ng, t\u1ea1o n\u00e9t hi\u1ec7n \u0111\u1ea1i, sang tr\u1ecdng.<\/span><\/span><\/p>\n<p style=\"text-align:justify;line-height:normal;\"><span style=\"font-family:Arial,Helvetica,sans-serif;\"><span style=\"font-size:14px;\">\u00a0<strong>Pano c\u1eeda s\u1eaft ch\u1ed1ng ch\u00e1y<\/strong>: D\u00f9ng trong c\u00e1c c\u00f4ng tr\u00ecnh c\u1ea7n \u0111\u1ea3m b\u1ea3o an to\u00e0n ch\u00e1y n\u1ed5 nh\u01b0 nh\u00e0 kho, x\u01b0\u1edfng s\u1ea3n xu\u1ea5t, chung c\u01b0.<\/span><\/span><\/p>\n<p style=\"text-align:justify;line-height:normal;\"><span style=\"font-family:Arial,Helvetica,sans-serif;\"><span style=\"font-size:14px;\"><strong>Ch\u00fang t\u00f4i nh\u1eadn gia c\u00f4ng pano theo y\u00eau c\u1ea7u, thi\u1ebft k\u1ebf ri\u00eang bi\u1ec7t, \u0111\u1ea3m b\u1ea3o ph\u00f9 h\u1ee3p kh\u00f4ng gian, phong c\u00e1ch v\u00e0 ng\u00e2n s\u00e1ch c\u1ee7a t\u1eebng kh\u00e1ch h\u00e0ng.<\/strong><\/span><\/span><\/p>\n<p style=\"line-height: normal; text-align: center;\"><span style=\"font-family:Arial,Helvetica,sans-serif;\"><span style=\"font-size:14px;\"><strong><img decoding=\"async\" alt=\"T\u1ea5m pano c\u1eeda s\u1eaft 37\" src=\"http:\/\/localhost\/o\/wp-content\/uploads\/2025\/08\/tam-pano-cua-sat-37-1.jpg\" style=\"width: 950px; height: 534px;\" title=\"tam-pano-cua-sat-37-1\"><\/strong><\/span><\/span><\/p>\n<p style=\"line-height: normal; text-align: center;\"><span style=\"font-family:Arial,Helvetica,sans-serif;\"><span style=\"font-size:14px;\"><strong>M\u1eabu T\u1ea5m Pano Inox c\u1eeda<\/strong><\/span><\/span><\/p>\n<h2 style=\"text-align: justify; line-height: normal;\"><span style=\"font-family:Arial,Helvetica,sans-serif;\"><span style=\"font-size:14px;\"><strong>3. B\u00e1o gi\u00e1 t\u1ea5m pano c\u1eeda s\u1eaft m\u1edbi nh\u1ea5t<\/strong><\/span><\/span><\/h2>\n<p style=\"text-align: center;\"><span style=\"font-family:Arial,Helvetica,sans-serif;\"><span style=\"font-size:14px;\"><strong>&#8212;&#8211; XEM TH\u00caM &#8212;&#8211;<\/strong><\/span><\/span><\/p>\n<p style=\"text-align: center;\"><span style=\"font-family:Arial,Helvetica,sans-serif;\"><span style=\"font-size:14px;\"><strong>**** <a href=\"https:\/\/satmythuatthanhan.com\/mam-cau-thang-sat-mau-bao-gia\">M\u00e2m b\u1eadc\u00a0C\u1ea7u Thang S\u1eaft<\/a> ****<\/strong><\/span><\/span><\/p>\n<p style=\"text-align:justify;line-height:normal;\"><span style=\"font-family:Arial,Helvetica,sans-serif;\"><span style=\"font-size:14px;\">B\u00e1o gi\u00e1 t\u1ea5m pano c\u1eeda s\u1eaft ph\u1ee5 thu\u1ed9c v\u00e0o nhi\u1ec1u y\u1ebfu t\u1ed1: k\u00edch th\u01b0\u1edbc, \u0111\u1ed9 d\u00e0y s\u1eaft, ki\u1ec3u m\u1eabu, hoa v\u0103n CNC, lo\u1ea1i s\u01a1n ho\u00e0n thi\u1ec7n (s\u01a1n d\u1ea7u, s\u01a1n t\u0129nh \u0111i\u1ec7n), kh\u1ed1i l\u01b0\u1ee3ng gia c\u00f4ng, v\u1eadn chuy\u1ec3n v\u00e0 l\u1eafp \u0111\u1eb7t. D\u01b0\u1edbi \u0111\u00e2y l\u00e0 b\u1ea3ng gi\u00e1 tham kh\u1ea3o c\u1ee7a C\u00f4ng Ty Th\u00e0nh An:<\/span><\/span><\/p>\n<ul>\n<li style=\"text-align:justify;line-height:normal;\"><span style=\"font-family:Arial,Helvetica,sans-serif;\"><span style=\"font-size:14px;\">Gi\u00e1 tr\u00ean ch\u01b0a bao g\u1ed3m VAT 10%.<\/span><\/span><\/li>\n<li style=\"text-align:justify;line-height:normal;\"><span style=\"font-family:Arial,Helvetica,sans-serif;\"><span style=\"font-size:14px;\">Gi\u00e1 c\u00f3 th\u1ec3 thay \u0111\u1ed5i t\u00f9y theo kh\u1ed1i l\u01b0\u1ee3ng, \u0111\u1ecba \u0111i\u1ec3m giao h\u00e0ng, th\u1eddi \u0111i\u1ec3m thi c\u00f4ng.<\/span><\/span><\/li>\n<li style=\"text-align:justify;line-height:normal;\"><span style=\"font-family:Arial,Helvetica,sans-serif;\"><span style=\"font-size:14px;\">C\u00f4ng ty c\u00f3 ch\u00ednh s\u00e1ch chi\u1ebft kh\u1ea5u h\u1ea5p d\u1eabn cho kh\u00e1ch h\u00e0ng \u0111\u1eb7t s\u1ed1 l\u01b0\u1ee3ng l\u1edbn, nh\u00e0 th\u1ea7u, ki\u1ebfn tr\u00fac s\u01b0, \u0111\u1ea1i l\u00fd.<\/span><\/span><\/li>\n<\/ul>\n<p style=\"text-align:justify;line-height:normal;\"><span style=\"font-family:Arial,Helvetica,sans-serif;\"><span style=\"font-size:14px;\">\u00a0<strong>\u0110\u1ec3 nh\u1eadn b\u00e1o gi\u00e1 chi ti\u1ebft v\u00e0 ch\u00ednh x\u00e1c nh\u1ea5t, vui l\u00f2ng li\u00ean h\u1ec7 hotline\/zalo: [0984606488 \u2013 Ms \u0110\u1ed9i ng\u0169 Th\u00e0nh An lu\u00f4n s\u1eb5n s\u00e0ng t\u01b0 v\u1ea5n 24\/7.<\/strong><\/span><\/span><\/p>\n<h2 style=\"text-align: justify; line-height: normal;\"><span style=\"font-family:Arial,Helvetica,sans-serif;\"><span style=\"font-size:14px;\"><strong>4. V\u00ec sao ch\u1ecdn C\u00f4ng Ty Th\u00e0nh An s\u1ea3n xu\u1ea5t &amp; cung c\u1ea5p t\u1ea5m pano c\u1eeda s\u1eaft?<\/strong><\/span><\/span><\/h2>\n<p style=\"text-align:justify;line-height:normal;\"><span style=\"font-family:Arial,Helvetica,sans-serif;\"><span style=\"font-size:14px;\">\u00a0<strong>Ch\u1ea5t l\u01b0\u1ee3ng \u0111\u1ea3m b\u1ea3o<\/strong>: S\u1eed d\u1ee5ng s\u1eaft th\u00e9p ch\u00ednh h\u00e3ng, s\u01a1n cao c\u1ea5p, quy tr\u00ecnh s\u1ea3n xu\u1ea5t ti\u00eau chu\u1ea9n, ki\u1ec3m tra nghi\u00eam ng\u1eb7t tr\u01b0\u1edbc khi giao h\u00e0ng.<\/span><\/span><\/p>\n<p style=\"text-align:justify;line-height:normal;\"><span style=\"font-family:Arial,Helvetica,sans-serif;\"><span style=\"font-size:14px;\">\u00a0<strong>\u0110a d\u1ea1ng m\u1eabu m\u00e3<\/strong>: C\u00f3 s\u1eb5n m\u1eabu thi\u1ebft k\u1ebf hi\u1ec7n \u0111\u1ea1i, c\u1ed5 \u0111i\u1ec3n, t\u00e2n c\u1ed5 \u0111i\u1ec3n, v\u00e0 nh\u1eadn gia c\u00f4ng theo b\u1ea3n v\u1ebd ri\u00eang.<\/span><\/span><\/p>\n<p style=\"text-align:justify;line-height:normal;\"><span style=\"font-family:Arial,Helvetica,sans-serif;\"><span style=\"font-size:14px;\">\u00a0<strong>Gi\u00e1 c\u1ea1nh tranh<\/strong>: Gi\u00e1 x\u01b0\u1edfng, kh\u00f4ng qua trung gian, \u0111\u1ea3m b\u1ea3o ti\u1ebft ki\u1ec7m t\u1ed1i \u0111a chi ph\u00ed cho kh\u00e1ch h\u00e0ng.<\/span><\/span><\/p>\n<p style=\"text-align:justify;line-height:normal;\"><span style=\"font-family:Arial,Helvetica,sans-serif;\"><span style=\"font-size:14px;\">\u00a0<strong>\u0110\u1ed9i ng\u0169 chuy\u00ean nghi\u1ec7p<\/strong>: Th\u1ee3 h\u00e0n, th\u1ee3 s\u01a1n l\u00e0nh ngh\u1ec1, kinh nghi\u1ec7m 5\u201310 n\u0103m, thi c\u00f4ng nhanh, \u0111\u00fang h\u1eb9n, \u0111\u1ea3m b\u1ea3o ti\u1ebfn \u0111\u1ed9.<\/span><\/span><\/p>\n<p style=\"line-height: normal; text-align: center;\"><span style=\"font-family:Arial,Helvetica,sans-serif;\"><span style=\"font-size:14px;\"><img decoding=\"async\" alt=\"M\u00e2m b\u1eadc c\u1ea7u thang s\u1eaft 75\" src=\"http:\/\/localhost\/o\/wp-content\/uploads\/2025\/08\/mam-cau-thang-sat-75.jpg\" style=\"width: 950px; height: 534px;\" title=\"mam-cau-thang-sat-75\"><\/span><\/span><\/p>\n<p style=\"line-height: normal; text-align: center;\"><span style=\"font-family:Arial,Helvetica,sans-serif;\"><span style=\"font-size:14px;\"><strong><em>Th\u00e0nh An s\u1ea3n xu\u1ea5t M\u00e2m B\u1eadc C\u1ea7u Thang S\u1eaft v\u00e0 T\u1ea5m Pano c\u1eeda s\u1eaft t\u1ea1i x\u01b0\u1edfng<\/em><\/strong><\/span><\/span><\/p>\n<p style=\"text-align:justify;line-height:normal;\"><span style=\"font-family:Arial,Helvetica,sans-serif;\"><span style=\"font-size:14px;\"><strong>B\u1ea3o h\u00e0nh d\u00e0i h\u1ea1n<\/strong>: B\u1ea3o h\u00e0nh k\u1ebft c\u1ea5u s\u1eaft l\u00ean \u0111\u1ebfn 5 n\u0103m, h\u1ed7 tr\u1ee3 s\u01a1n d\u1eb7m, s\u1eeda ch\u1eefa n\u1ebfu l\u1ed7i t\u1eeb nh\u00e0 s\u1ea3n xu\u1ea5t.<\/span><\/span><\/p>\n<p style=\"text-align:justify;line-height:normal;\"><span style=\"font-family:Arial,Helvetica,sans-serif;\"><span style=\"font-size:14px;\"><strong>5. Quy tr\u00ecnh \u0111\u1eb7t h\u00e0ng v\u00e0 thi c\u00f4ng t\u1ea1i Th\u00e0nh An<\/strong><\/span><\/span><\/p>\n<p style=\"text-align:justify;line-height:normal;\"><span style=\"font-family:Arial,Helvetica,sans-serif;\"><span style=\"font-size:14px;\">B\u01b0\u1edbc 1\ufe0f\u20e3: Ti\u1ebfp nh\u1eadn y\u00eau c\u1ea7u \u2192 t\u01b0 v\u1ea5n m\u1eabu m\u00e3, b\u00e1o gi\u00e1 s\u01a1 b\u1ed9.<\/span><\/span><\/p>\n<p style=\"text-align:justify;line-height:normal;\"><span style=\"font-family:Arial,Helvetica,sans-serif;\"><span style=\"font-size:14px;\">B\u01b0\u1edbc 2\ufe0f\u20e3: Kh\u1ea3o s\u00e1t th\u1ef1c t\u1ebf (n\u1ebfu c\u1ea7n) \u2192 ch\u1ed1t b\u1ea3n v\u1ebd thi\u1ebft k\u1ebf \u2192 k\u00fd h\u1ee3p \u0111\u1ed3ng.<\/span><\/span><\/p>\n<p style=\"text-align:justify;line-height:normal;\"><span style=\"font-family:Arial,Helvetica,sans-serif;\"><span style=\"font-size:14px;\">B\u01b0\u1edbc 3\ufe0f\u20e3: Gia c\u00f4ng s\u1ea3n xu\u1ea5t t\u1ea1i x\u01b0\u1edfng \u2192 ki\u1ec3m tra ch\u1ea5t l\u01b0\u1ee3ng \u2192 v\u1eadn chuy\u1ec3n.<\/span><\/span><\/p>\n<p style=\"text-align:justify;line-height:normal;\"><span style=\"font-family:Arial,Helvetica,sans-serif;\"><span style=\"font-size:14px;\">B\u01b0\u1edbc 4\ufe0f\u20e3: Thi c\u00f4ng l\u1eafp \u0111\u1eb7t t\u1ea1i c\u00f4ng tr\u00ecnh \u2192 nghi\u1ec7m thu.<\/span><\/span><\/p>\n<p style=\"text-align:justify;line-height:normal;\"><span style=\"font-family:Arial,Helvetica,sans-serif;\"><span style=\"font-size:14px;\">B\u01b0\u1edbc 5\ufe0f\u20e3: B\u00e0n giao, thanh to\u00e1n, b\u1ea3o h\u00e0nh d\u00e0i h\u1ea1n.<\/span><\/span><\/p>\n<p style=\"text-align:justify;line-height:normal;\"><span style=\"font-family:Arial,Helvetica,sans-serif;\"><span style=\"font-size:14px;\"><strong>Li\u00ean h\u1ec7 ngay \u0111\u1ec3 \u0111\u01b0\u1ee3c t\u01b0 v\u1ea5n mi\u1ec5n ph\u00ed v\u00e0 xem m\u1eabu th\u1ef1c t\u1ebf t\u1ea1i x\u01b0\u1edfng:<\/strong><\/span><\/span><\/p>\n<ul>\n<li style=\"text-align:justify;line-height:normal;\"><span style=\"font-family:Arial,Helvetica,sans-serif;\"><span style=\"font-size:14px;\"><strong>Hotline\/Zalo: 0984606488 \u2013 Ms H<\/strong> <strong>\u00e0<\/strong><\/span><\/span><\/li>\n<li style=\"text-align:justify;line-height:normal;\"><span style=\"font-family:Arial,Helvetica,sans-serif;\"><span style=\"font-size:14px;\"><strong>Email : congtythanhan@gmail.com<\/strong><\/span><\/span><\/li>\n<li style=\"text-align:justify;line-height:normal;\"><span style=\"font-family:Arial,Helvetica,sans-serif;\"><span style=\"font-size:14px;\"><strong>\u0110\u1ecba ch\u1ec9 x\u01b0\u1edfng:<\/strong> 785C Nguy\u1ec5n Duy Trinh \u2013 P Ph\u00fa H\u1eefu \u2013 Tp Th\u1ee7 \u0110\u1ee9c &#8211; TpHCM<\/span><\/span><\/li>\n<\/ul>\n<p style=\"line-height: normal; text-align: center;\"><span style=\"font-family:Arial,Helvetica,sans-serif;\"><span style=\"font-size:14px;\"><img decoding=\"async\" alt=\"M\u00e2m c\u1ea7u thang s\u1eaft 70\" src=\"http:\/\/localhost\/o\/wp-content\/uploads\/2025\/08\/mam-cau-thang-sat-70.jpg\" style=\"width: 950px; height: 534px;\" title=\"mam-cau-thang-sat-70\"><\/span><\/span><\/p>\n<p style=\"line-height: normal; text-align: center;\"><span style=\"font-family:Arial,Helvetica,sans-serif;\"><span style=\"font-size:14px;\"><strong>M\u1eabu M\u00e2m c\u1ea7u thang s\u1eaft xo\u1eafn\u00a0\u1ed1c v\u00e0 b\u1eadc m\u00e2m\u00a0chi\u1ebfu ngh\u1ec9\u00a0<\/strong><\/span><\/span><\/p>\n<p style=\"text-align:justify;line-height:normal;\"><span style=\"font-family:Arial,Helvetica,sans-serif;\"><span style=\"font-size:14px;\">N\u1ebfu b\u1ea1n \u0111ang t\u00ecm ki\u1ebfm <strong>t\u1ea5m pano c\u1eeda s\u1eaft ch\u1ea5t l\u01b0\u1ee3ng cao, m\u1eabu \u0111\u1eb9p, gi\u00e1 t\u1ed1t<\/strong>, h\u00e3y \u0111\u1ebfn ngay <strong>C\u00f4ng Ty Th\u00e0nh An<\/strong> \u2013 \u0111\u01a1n v\u1ecb uy t\u00edn nhi\u1ec1u n\u0103m trong l\u0129nh v\u1ef1c c\u01a1 kh\u00ed s\u1eaft m\u1ef9 thu\u1eadt. Ch\u00fang t\u00f4i cam k\u1ebft mang \u0111\u1ebfn cho b\u1ea1n s\u1ea3n ph\u1ea9m <strong>b\u1ec1n \u2013 \u0111\u1eb9p \u2013 chu\u1ea9n t\u1eebng chi ti\u1ebft<\/strong>, n\u00e2ng t\u1ea7m \u0111\u1eb3ng c\u1ea5p kh\u00f4ng gian s\u1ed1ng, l\u00e0m vi\u1ec7c v\u00e0 kinh doanh.<\/span><\/span><\/p>\n<p style=\"line-height: normal; text-align: center;\"><span style=\"font-family:Arial,Helvetica,sans-serif;\"><span style=\"font-size:14px;\"><img decoding=\"async\" alt=\"M\u00e2m b\u1eadc c\u1ea7u thang s\u1eaft 71\" src=\"http:\/\/localhost\/o\/wp-content\/uploads\/2025\/08\/mam-cau-thang-sat-71.jpg\" style=\"width: 950px; height: 534px;\" title=\"mam-cau-thang-sat-71\"><\/span><\/span><\/p>\n<h3 style=\"line-height: normal; text-align: center;\"><span style=\"font-family:Arial,Helvetica,sans-serif;\"><span style=\"font-size:14px;\"><strong>M\u1eabu M\u00e2m B\u1eadc C\u1ea7u Thang S\u1eaft v\u00e0 M\u00e2m B\u1eadc C\u1ea7u Thang Inox T\u1ea1i Th\u00e0nh An<\/strong><\/span><\/span><\/h3>\n<p style=\"text-align:justify;line-height:normal;\">Ngo\u00e0i<a href=\"https:\/\/satmythuatthanhan.com\/tam-pano-cua-sat-mau-va-bao-gia\"><strong> t\u1ea5m pano c\u1eeda s\u1eaft,<\/strong><\/a> <strong data-end=\"407\" data-start=\"387\">C\u00f4ng Ty Th\u00e0nh An<\/strong> c\u00f2n chuy\u00ean s\u1ea3n xu\u1ea5t, gia c\u00f4ng v\u00e0 cung c\u1ea5p c\u00e1c s\u1ea3n ph\u1ea9m <strong data-end=\"484\" data-start=\"463\">m\u00e2m c\u1ea7u thang s\u1eaft<\/strong>, <strong data-end=\"519\" data-start=\"486\">m\u00e2m b\u1eadc c\u1ea7u thang s\u1eaft xo\u1eafn \u1ed1c<\/strong>, <strong data-end=\"553\" data-start=\"521\">m\u00e2m b\u1eadc c\u1ea7u thang tho\u00e1t hi\u1ec3m<\/strong> cho c\u00f4ng tr\u00ecnh d\u00e2n d\u1ee5ng, c\u00f4ng nghi\u1ec7p, kh\u00e1ch s\u1ea1n, t\u00f2a nh\u00e0, nh\u00e0 x\u01b0\u1edfng tr\u00ean to\u00e0n qu\u1ed1c.<\/p>\n<p style=\"line-height: normal; text-align: center;\"><img decoding=\"async\" alt=\"m\u00e2m b\u1eadc c\u1ea7u thang s\u1eaft 73\" src=\"http:\/\/localhost\/o\/wp-content\/uploads\/2025\/08\/mam-cau-thang-sat-72.jpg\" style=\"width: 950px; height: 534px;\" title=\"mam-cau-thang-sat-72\"><\/p>\n<p style=\"line-height: normal; text-align: center;\"><strong><span style=\"font-family:Arial,Helvetica,sans-serif;\"><span style=\"font-size:14px;\">M\u1eabu M\u00e2m b\u1eadc c\u1ea7u thang s\u1eaft ch\u1ea5n ch\u1eef Z<\/span><\/span><\/strong><\/p>\n<p style=\"text-align:justify;line-height:normal;\"><strong data-end=\"1263\" data-start=\"1223\">Ch\u00fang t\u00f4i nh\u1eadn s\u1ea3n xu\u1ea5t theo y\u00eau c\u1ea7u<\/strong>: K\u00edch th\u01b0\u1edbc, \u0111\u1ed9 d\u00e0y, ch\u1ea5t li\u1ec7u, hoa v\u0103n, . \u0110\u1ea3m b\u1ea3o \u0111\u00e1p \u1ee9ng m\u1ecdi nhu c\u1ea7u thi\u1ebft k\u1ebf, thi c\u00f4ng t\u1eeb \u0111\u01a1n gi\u1ea3n \u0111\u1ebfn ph\u1ee9c t\u1ea1p<\/p>\n<p data-end=\"1545\" data-start=\"1421\">C\u00f4ng Ty Th\u00e0nh An c\u00f3 h\u1ec7 th\u1ed1ng v\u1eadn chuy\u1ec3n v\u00e0 l\u1eafp \u0111\u1eb7t t\u1ea1i <strong data-end=\"1512\" data-start=\"1476\">TP.HCM, H\u00e0 N\u1ed9i, \u0110\u00e0 N\u1eb5ng, C\u1ea7n Th\u01a1<\/strong>, <strong><a href=\"https:\/\/satmythuatthanhan.com\/tam-pano-cua-sat-tai-binh-duong-mau-va-bao-gia\">B\u00ecnh D\u01b0\u01a1ng,<\/a> \u0110\u1ed3ng Nai<\/strong> v\u00e0 t\u1ea5t c\u1ea3 c\u00e1c t\u1ec9nh th\u00e0nh kh\u00e1c.<\/p>\n<p data-end=\"1545\" data-start=\"1421\" style=\"text-align: center;\"><img decoding=\"async\" alt=\"M\u00e2m b\u1eadc c\u1ea7u thang s\u0103t s\" src=\"http:\/\/localhost\/o\/wp-content\/uploads\/2025\/08\/mam-cau-thang-sat-73.jpg\" style=\"width: 950px; height: 534px;\" title=\"mam-cau-thang-sat-73\"><\/p>\n<p data-end=\"1545\" data-start=\"1421\" style=\"text-align: center;\"><strong>M\u1eabu M\u00e2m b\u1eadc C\u1ea7u Thang S\u1eaft Ch\u1eef Z<\/strong><\/p>\n<ul data-end=\"1679\" data-start=\"1546\">\n<li data-end=\"1587\" data-start=\"1546\">\n<p data-end=\"1587\" data-start=\"1548\">\u0110\u00f3ng g\u00f3i c\u1ea9n th\u1eadn, giao h\u00e0ng t\u1eadn n\u01a1i.<\/p>\n<\/li>\n<li data-end=\"1625\" data-start=\"1588\">\n<p data-end=\"1625\" data-start=\"1590\">H\u1ed7 tr\u1ee3 l\u1eafp \u0111\u1eb7t, b\u1ea3o h\u00e0nh d\u00e0i h\u1ea1n.<\/p>\n<\/li>\n<li data-end=\"1679\" data-start=\"1626\">\n<p data-end=\"1679\" data-start=\"1628\">Cam k\u1ebft ti\u1ebfn \u0111\u1ed9, ch\u1ea5t l\u01b0\u1ee3ng, \u0111\u00fang y\u00eau c\u1ea7u b\u1ea3n v\u1ebd.<\/p>\n<\/li>\n<\/ul>\n<p style=\"text-align:justify;line-height:normal;\"><font face=\"Arial, Helvetica, sans-serif\"><span style=\"font-size: 14px;\">HOTLINE T\u01af V\u1ea4N: 0984 606 488 &#8211; MS H\u00c0<\/span><\/font><\/p>\n<\/div>\n","protected":false},"excerpt":{"rendered":"<p>Trong l\u0129nh v\u1ef1c c\u01a1 kh\u00ed s\u1eaft m\u1ef9 thu\u1eadt, t\u1ea5m pano c\u1eeda s\u1eaft l\u00e0 m\u1ed9t s\u1ea3n ph\u1ea9m kh\u00f4ng th\u1ec3 thi\u1ebfu, mang l\u1ea1i v\u1ebb \u0111\u1eb9p hi\u1ec7n \u0111\u1ea1i, b\u1ec1n ch\u1eafc v\u00e0 sang tr\u1ecdng cho ng\u00f4i nh\u00e0, c\u1eeda h\u00e0ng, nh\u00e0 m\u00e1y, bi\u1ec7t th\u1ef1 hay c\u1ed5ng r\u00e0o. V\u1edbi nhi\u1ec1u n\u0103m kinh nghi\u1ec7m, C\u00f4ng Ty Th\u00e0nh An t\u1ef1 h\u00e0o l\u00e0 \u0111\u01a1n&#8230;<\/p>\n","protected":false},"featured_media":928,"comment_status":"open","ping_status":"closed","template":"","meta":[],"product_cat":[17],"product_tag":[],"_links":{"self":[{"href":"https:\/\/satmythuatgiare.com\/index.php?rest_route=\/wp\/v2\/product\/927"}],"collection":[{"href":"https:\/\/satmythuatgiare.com\/index.php?rest_route=\/wp\/v2\/product"}],"about":[{"href":"https:\/\/satmythuatgiare.com\/index.php?rest_route=\/wp\/v2\/types\/product"}],"replies":[{"embeddable":true,"href":"https:\/\/satmythuatgiare.com\/index.php?rest_route=%2Fwp%2Fv2%2Fcomments&post=927"}],"wp:featuredmedia":[{"embeddable":true,"href":"https:\/\/satmythuatgiare.com\/index.php?rest_route=\/wp\/v2\/media\/928"}],"wp:attachment":[{"href":"https:\/\/satmythuatgiare.com\/index.php?rest_route=%2Fwp%2Fv2%2Fmedia&parent=927"}],"wp:term":[{"taxonomy":"product_cat","embeddable":true,"href":"https:\/\/satmythuatgiare.com\/index.php?rest_route=%2Fwp%2Fv2%2Fproduct_cat&post=927"},{"taxonomy":"product_tag","embeddable":true,"href":"https:\/\/satmythuatgiare.com\/index.php?rest_route=%2Fwp%2Fv2%2Fproduct_tag&post=927"}],"curies":[{"name":"wp","href":"https:\/\/api.w.org\/{rel}","templated":true}]}}