{"id":890,"date":"2025-08-26T14:55:43","date_gmt":"2025-08-26T14:55:43","guid":{"rendered":"http:\/\/localhost\/o\/?product=khung-mai-trang-tri-sat-my-thuat-quan-9"},"modified":"2025-08-26T14:55:56","modified_gmt":"2025-08-26T14:55:56","slug":"khung-mai-trang-tri-sat-my-thuat-quan-9","status":"publish","type":"product","link":"https:\/\/satmythuatgiare.com\/?product=khung-mai-trang-tri-sat-my-thuat-quan-9","title":{"rendered":"KHUNG M\u00c1I TRANG TR\u00cd  S\u1eaeT M\u1ef8 THU\u1eacT QU\u1eacN 9"},"content":{"rendered":"<\/p>\n<div class=\"content-tabs-pro-detail info-pro-detail active text\">\n<p><a href=\"https:\/\/satmythuatthanhan.com\/mai-che-sat-my-thuat-mc04\"><strong>Khung m\u00e1i k\u00ednh s\u1eaft m\u1ef9 thu\u1eadt<\/strong><\/a>\u00a0vu\u00f4ng 50*50*1.8mm + la 20*6mm c\u00e1n c\u1ea1nh s\u01a1n m\u00e0u nh\u0169 \u0111\u1ed3ng v\u00e0ng, l\u1ee3p k\u00ecnh m\u00e0u xanh 8mm. C\u00f4ng tr\u00ecnh Anh Ho\u00e0n Lake View \u0110\u1ed7 Xu\u00e2n H\u1ee3p qu\u1eadn 9<\/p>\n<p style=\"text-align: center;\"><img decoding=\"async\" src=\"http:\/\/localhost\/o\/wp-content\/uploads\/2025\/08\/3-d-mai-che-trang-tri-1.jpg\" style=\"width: 800px; height: 480px;\" title=\"3-d-mai-che-trang-tri-1\"><\/p>\n<p style=\"text-align: center;\">M\u00e1i che trang tr\u00ed khang \u0111i\u1ec1n Qu\u1eadn 9 &#8211; TPHCM<\/p>\n<p><u><em><strong>S\u1eaft M\u1ef9 Thu\u1eadt Th\u00e0nh An Qu\u1eadn 9\u00a0\u00a0<\/strong><\/em><\/u><\/p>\n<p>V\u1edbi\u00a0 \u0111\u1ed9i ng\u0169 nh\u00e2n vi\u00ean kinh nghi\u1ec7m 10 n\u0103m trong ngh\u1ec1 s\u1eaft m\u1ef9 thu\u1eadt , mang \u0111\u1ebfn cho ng\u00f4i nh\u00e0 b\u1ea1n s\u1ef1 tinh t\u1ebf, sang tr\u1ecdng v\u00e0 \u0111\u1eb3ng c\u1ea5p\u00a0<\/p>\n<p style=\"text-align: center;\"><img decoding=\"async\" src=\"http:\/\/localhost\/o\/wp-content\/uploads\/2025\/08\/ban-ve-mai-che-trang-tri-4.jpg\" style=\"width: 800px; height: 360px;\" title=\"ban-ve-mai-che-trang-tri-4\"><\/p>\n<p style=\"text-align: center;\"><strong>Thi\u1ebft k\u1ebf 3D m\u00e1i che s\u1eaft m\u1ef9 thu\u1eadt<\/strong><\/p>\n<h2 style=\"text-align: center;\"><img decoding=\"async\" src=\"http:\/\/localhost\/o\/wp-content\/uploads\/2025\/08\/khung-sat-trang-tr-2-1.jpg\" style=\"width: 800px; height: 600px;\" title=\"khung-sat-trang-tr-2-1\"><\/h2>\n<p style=\"text-align: center;\"><strong>C\u00f4ng \u0111o\u1ea1n s\u1ea3n xu\u1ea5t m\u00e1i che s\u1eaft m\u1ef9 thu\u1eadt<\/strong><\/p>\n<p style=\"text-align: center;\"><strong><img decoding=\"async\" src=\"http:\/\/localhost\/o\/wp-content\/uploads\/2025\/08\/mai20che20my20thuat.jpg\" style=\"width: 600px; height: 450px;\" title=\"mai20che20my20thuat\"><\/strong><\/p>\n<p style=\"text-align: center;\"><strong>M\u00e1i hi\u00ean s\u1eaft m\u1ef9 thu\u1eadt + k\u00ednh\u00a0<\/strong><\/p>\n<p style=\"text-align: center;\"><img decoding=\"async\" src=\"http:\/\/localhost\/o\/wp-content\/uploads\/2025\/08\/mai20che20nghe20thuat-1.jpg\" style=\"width: 600px; height: 698px;\" title=\"mai20che20nghe20thuat-1\"><\/p>\n<p style=\"text-align: center;\">M\u00e1i che trang tr\u00ed c\u00f4ng trinh t\u1ea1i TPHCM<\/p>\n<p style=\"text-align: center;\"><strong>M\u00e1i hi\u00ean trang tr\u00ed s\u1eaft m\u1ef9 thu\u1eadt<\/strong><\/p>\n<p style=\"text-align: center;\"><strong>Li\u00ean h\u1ec7 ngay \u0111\u1ec3 \u0111\u01b0\u1ee3c t\u01b0 v\u1ea5n k\u1ef9 r\u00f5 v\u1ec1 d\u00f2ng s\u1ea3n ph\u1ea9m m\u00e0 kh\u00e1ch h\u00e0ng y\u00eau c\u1ea7u:<\/strong><\/p>\n<h3><strong>C\u00d4NG TY TNHH TM-DV-XD-TTNT TH\u00c0NH AN<\/strong><\/h3>\n<p>\u0110C:\u00a0785C Nguy\u1ec5n Duy Trinh, P. Ph\u00fa H\u1eefu, Q.9, Tp. Th\u1ee7 \u0110\u1ee9c. HCM<br \/>\nEmail: xaydungantran@gmail.com<br \/>\nTel:\u00a0<strong>0984 606 488 (Ch\u1ecb H\u00e0 chuy\u00ean vi\u00ean t\u01b0 v\u1ea5n v\u00e0 b\u00e1o gi\u00e1) &#8211;\u00a00986040655\u00a0( Anh An T\u01b0 v\u1ea5n k\u1ef9 thu\u1eadt)<\/strong><br \/>\nMST:\u00a00314318001<br \/>\nWebsite:\u00a0https:\/\/satmythuatthanhan.com<\/p>\n<\/div>\n","protected":false},"excerpt":{"rendered":"<p>Khung m\u00e1i k\u00ednh s\u1eaft m\u1ef9 thu\u1eadt\u00a0vu\u00f4ng 50*50*1.8mm + la 20*6mm c\u00e1n c\u1ea1nh s\u01a1n m\u00e0u nh\u0169 \u0111\u1ed3ng v\u00e0ng, l\u1ee3p k\u00ecnh m\u00e0u xanh 8mm. C\u00f4ng tr\u00ecnh Anh Ho\u00e0n Lake View \u0110\u1ed7 Xu\u00e2n H\u1ee3p qu\u1eadn 9 M\u00e1i che trang tr\u00ed khang \u0111i\u1ec1n Qu\u1eadn 9 &#8211; TPHCM S\u1eaft M\u1ef9 Thu\u1eadt Th\u00e0nh An Qu\u1eadn 9\u00a0\u00a0 V\u1edbi\u00a0 \u0111\u1ed9i ng\u0169 nh\u00e2n vi\u00ean&#8230;<\/p>\n","protected":false},"featured_media":891,"comment_status":"closed","ping_status":"closed","template":"","meta":[],"product_cat":[22],"product_tag":[],"_links":{"self":[{"href":"https:\/\/satmythuatgiare.com\/index.php?rest_route=\/wp\/v2\/product\/890"}],"collection":[{"href":"https:\/\/satmythuatgiare.com\/index.php?rest_route=\/wp\/v2\/product"}],"about":[{"href":"https:\/\/satmythuatgiare.com\/index.php?rest_route=\/wp\/v2\/types\/product"}],"replies":[{"embeddable":true,"href":"https:\/\/satmythuatgiare.com\/index.php?rest_route=%2Fwp%2Fv2%2Fcomments&post=890"}],"wp:featuredmedia":[{"embeddable":true,"href":"https:\/\/satmythuatgiare.com\/index.php?rest_route=\/wp\/v2\/media\/891"}],"wp:attachment":[{"href":"https:\/\/satmythuatgiare.com\/index.php?rest_route=%2Fwp%2Fv2%2Fmedia&parent=890"}],"wp:term":[{"taxonomy":"product_cat","embeddable":true,"href":"https:\/\/satmythuatgiare.com\/index.php?rest_route=%2Fwp%2Fv2%2Fproduct_cat&post=890"},{"taxonomy":"product_tag","embeddable":true,"href":"https:\/\/satmythuatgiare.com\/index.php?rest_route=%2Fwp%2Fv2%2Fproduct_tag&post=890"}],"curies":[{"name":"wp","href":"https:\/\/api.w.org\/{rel}","templated":true}]}}