{"id":737,"date":"2025-08-26T14:45:48","date_gmt":"2025-08-26T14:45:48","guid":{"rendered":"http:\/\/localhost\/o\/?product=bao-gia-lan-can-sat-nghe-thuat-quan-9-tphcm"},"modified":"2025-08-26T14:45:54","modified_gmt":"2025-08-26T14:45:54","slug":"bao-gia-lan-can-sat-nghe-thuat-quan-9-tphcm","status":"publish","type":"product","link":"https:\/\/satmythuatgiare.com\/?product=bao-gia-lan-can-sat-nghe-thuat-quan-9-tphcm","title":{"rendered":"B\u00c1O GI\u00c1 LAN CAN S\u1eaeT NGH\u1ec6 THU\u1eacT QU\u1eacN 9 TPHCM"},"content":{"rendered":"<\/p>\n<div class=\"content-tabs-pro-detail info-pro-detail active text\">\n<h2 style=\"text-align: justify;\"><strong>1.Lan can s\u1eaft ngh\u1ec7 thu\u1eadt \u0111\u01b0\u1ee3c s\u1eed d\u1ee5ng \u1edf \u0111\u00e2u?<\/strong><\/h2>\n<p style=\"text-align: justify;\"><span style=\"font-family:Times New Roman,serif;\"><span style=\"font-size:14.0pt;\">Hi\u1ec7n nay khi ho\u00e0n thi\u1ec7n m\u1ed9t ng\u00f4i nh\u00e0 kh\u00f4ng th\u1ec3 kh\u00f4ng k\u1ec3 \u0111\u1ebfn h\u1ea1ng m\u1ee5c lan can. Ngo\u00e0i \u00a0r\u1ea5t nhi\u1ec1u ki\u1ec3u lan can\u00a0nh\u01b0 lan can k\u00ednh, lan can g\u1ed7, lan can nh\u00f4m \u0111\u00fac, lan can inox&#8230;\u00a0, th\u00ec m\u1ed9t trong nh\u1eefng lan can ph\u1ed5 bi\u1ebfn v\u00e0 th\u00f4ng d\u1ee5ng nh\u1ea5t hi\u1ec7n nay \u0111\u00f3 l\u00e0 lan can\u00a0s\u1eaft m\u1ef9 thu\u1eadt. Ch\u00fang ta c\u00f3 th\u1ec3 b\u1eaft g\u1eb7p trong t\u1ea5t c\u1ea3 c\u00e1c ng\u00f4i nh\u00e0 ph\u1ed1, bi\u1ec7t th\u1ef1 villa, c\u00e1c d\u1ef1 \u00e1n l\u1edbn nh\u1ecf, nh\u00e0 h\u00e0ng, trung t\u00e2m th\u01b0\u01a1ng m\u1ea1i\u2026<\/span><\/span><\/p>\n<p style=\"text-align: justify;\"><strong><span style=\"font-family:Times New Roman,serif;\"><span style=\"font-size:14.0pt;\">C\u00f4ng Ty Th\u00e0nh An<\/span><\/span><\/strong><span style=\"font-family:Times New Roman,serif;\"><span style=\"font-size:14.0pt;\"> l\u00e0 C\u00f4ng ty s\u1ea3n xu\u1ea5t v\u00e0 thi c\u00f4ng \u00a0l\u1eafp ho\u00e0n thi\u1ec7n t\u1ea5t c\u1ea3 c\u00e1c h\u1ea1ng m\u1ee5c <a href=\"https:\/\/satmythuatthanhan.com\/\"><strong>s\u1eaft m\u1ef9 thu\u1eadt<\/strong><\/a> nh\u01b0 : <a href=\"https:\/\/satmythuatthanhan.com\/cua-cong-sat-my-thuat-quan-9-tp-ho-chi-minh\"><strong>C\u1eeda c\u1ed5ng<\/strong><\/a>, <a href=\"https:\/\/satmythuatthanhan.com\/lan-can-cau-thang-sat-my-thuat-quan-2-tphcm-lc-042\"><strong>c\u1ea7u thang<\/strong><\/a>, <strong>h\u00e0ng r\u00e0o<\/strong>, <strong>b\u00e0n gh\u1ebf<\/strong> <strong>, <a href=\"https:\/\/satmythuatthanhan.com\/lan-can-mat-tien-sat-my-thuat-quan-9-tp-ho-chi-minh\">lan can ban c\u00f4ng<\/a><\/strong> , <a href=\"https:\/\/satmythuatthanhan.com\/khung-mai-trang-tri-la-206mm\"><strong>M\u00e1i che trang tr\u00ed<\/strong><\/a> , Ch\u1ea5t l\u01b0\u1ee3ng ,<strong> uy t\u00edn<\/strong>, <strong>gi\u00e1 t\u1ea1i x\u01b0\u1edfng s\u1ea3n xu\u1ea5t<\/strong> t\u1ea1i <a href=\"https:\/\/satmythuatthanhan.com\/sat-my-thuat-quan-9-tp-ho-chi-minh\"><strong>Qu\u1eadn 9 TpHCM<\/strong><\/a>, gi\u00e1 r\u1ebb h\u00e0ng \u0111\u1ea7u t\u1ea1i <a href=\"https:\/\/satmythuatthanhan.com\/lan-can-cau-thang-sat-my-thuat-tp-ho-chi-minh-ct-026\"><strong>Tp H\u1ed3 Ch\u00ed Minh<\/strong><\/a>.<\/span><\/span><\/p>\n<p><strong><span style=\"font-family:Times New Roman,serif;\"><span style=\"font-size:14.0pt;\">Video s\u1ea3n xu\u1ea5t t\u1ea1i X\u01b0\u1edfng s\u1ea3n xu\u1ea5t Th\u00e0nh An:<\/span><\/span><\/strong><\/p>\n<p><strong><span style=\"font-family:Times New Roman,serif;\"><span style=\"font-size:14.0pt;\"><iframe loading=\"lazy\" allowfullscreen=\"\" frameborder=\"0\" height=\"360\" src=\"https:\/\/www.youtube.com\/embed\/W3f4mfZOA8M\" width=\"640\"><\/iframe><\/span><\/span><\/strong><\/p>\n<p style=\"text-align: center;\"><strong><span style=\"font-family:Times New Roman,serif;\"><span style=\"font-size:14.0pt;\">C\u00f4ng \u0111o\u1ea1n s\u1ea3n xu\u1ea5t lan can t\u1ea1i x\u01b0\u1edfng Th\u00e0nh An<\/span><\/span><\/strong><\/p>\n<p><span style=\"font-family:Times New Roman,serif;\"><span style=\"font-size:14.0pt;\">N\u1ebfu Qu\u00fd C\u00f4ng ty x\u00e2y d\u1ef1ng, Qu\u00fd kh\u00e1ch h\u00e0ng, gia ch\u1ee7 \u00a0n\u00e0o c\u00f3 nhu c\u1ea7u t\u00ecm ki\u1ebfm m\u1ed9t \u0111\u01a1n v\u1ecb uy t\u00edn c\u00f3 th\u1ec3 t\u01b0 v\u1ea5n thi\u1ebft k\u1ebf s\u1ea3n xu\u1ea5t thi c\u00f4ng \u0111\u1ed3ng h\u00e0nh t\u00f4 \u0111i\u1ec3m th\u00eam c\u00f4ng tr\u00ecnh c\u1ee7a m\u00ecnh th\u00ec h\u00e3y g\u1ecdi v\u00e0 zalo ngay s\u1ed1 holine : <strong>0984606488<\/strong>\u00a0 \u0111\u1ec3 \u0111\u01b0\u1ee3c h\u1ed7 tr\u1ee3 t\u01b0 v\u1ea5n mi\u1ec5n ph\u00ed 24\/7.<\/span><\/span><\/p>\n<p style=\"text-align: center;\"><img decoding=\"async\" alt=\"lan can ban c\u00f4ng\" src=\"http:\/\/localhost\/o\/wp-content\/uploads\/2025\/08\/lan-can-ban-cong-sat-dep-36-28229.jpg\" style=\"width: 600px; height: 377px;\" title=\"lan-can-ban-cong-sat-dep-36-28229\"><\/p>\n<p style=\"text-align: center;\"><font face=\"Times New Roman, serif\"><span style=\"font-size: 18.6667px;\"><b>Lan can ban c\u00f4ng s\u1eaft m\u1ef9 thu\u1eadt<\/b><\/span><\/font><\/p>\n<p style=\"text-align: justify;\"><strong><span style=\"font-family:Times New Roman,serif;\"><span style=\"font-size:14.0pt;\">S\u1eaft M\u1ef9 thu\u1eadt Th\u00e0nh An<\/span><\/span><\/strong><span style=\"font-family:Times New Roman,serif;\"><span style=\"font-size:14.0pt;\"> <strong>Qu\u1eadn 9<\/strong> lu\u00f4n n\u00e2ng cao ch\u1ea5t l\u01b0\u1ee3ng d\u1ecbch v\u1ee5 c\u1eadp nh\u1eadt c\u00e1c xu h\u01b0\u1edbng thi\u1ebft k\u1ebf lan can m\u1edbi mang \u0111\u1ebfn s\u1ef1 h\u00e0i l\u00f2ng nh\u1ea5t cho kh\u00e1ch h\u00e0ng. V\u1edbi \u0111\u1ed9i ng\u0169 ngh\u1ec7 nh\u00e2n,th\u1ee3 k\u1ef9 thu\u1eadt c\u00f3 tay ngh\u1ec1 cao, nhi\u1ec1u n\u0103m kinh nghi\u1ec7m, nhi\u1ec7t huy\u1ebft v\u00e0 tr\u00e1ch nhi\u1ec7m,\u00a0 c\u00f3 t\u00e2m c\u00f3 t\u1ea7m . C\u00f4ng ty Th\u00e0nh An s\u1ebd \u0111\u1ea3m b\u1ea3o \u0111\u01b0\u1ee3c ti\u00eau ch\u00ed \u0111\u1eb3ng c\u1ea5p c\u1ee7a s\u1ea3n ph\u1ea9m v\u00e0 s\u1ef1 h\u00e0i l\u00f2ng c\u1ee7a qu\u00fd kh\u00e1ch h\u00e0ng.<\/span><\/span><\/p>\n<p style=\"text-align: center;\"><img decoding=\"async\" alt=\"lan can ban c\u00f4ng s\u1eaft\" src=\"http:\/\/localhost\/o\/wp-content\/uploads\/2025\/08\/lan-can-ban-cong.jpg\" style=\"width: 800px; height: 800px;\" title=\"lan-can-ban-cong\"><\/p>\n<p style=\"text-align: center;\"><strong>L\u1eafp \u0111\u1eb7t c\u1ee7a c\u1ed7ng m\u1ef9 thu\u1eadt khu khang \u0111i\u1ec1n qu\u1eadn 9 &#8211; TpHCM<\/strong><\/p>\n<p style=\"text-align: justify;\"><span style=\"font-family:Times New Roman,serif;\"><span style=\"font-size:14.0pt;\">Hi\u1ec7n nay nhu c\u1ea7u s\u1eed d\u1ee5ng <a href=\"https:\/\/satmythuatthanhan.com\/lan-can-cau-thang-lc-ct-020\"><strong>Lan can s\u1eaft<\/strong><\/a> \u0111\u1eb7c bi\u1ec7t <strong>lan can s\u1eaft m\u1ef9 thu\u1eadt<\/strong> \u0111\u01b0\u1ee3c c\u00e1c ki\u1ebfn tr\u00fac s\u01b0 v\u00e0 gia ch\u1ee7 s\u1eed d\u1ee5ng r\u1ea5t nhi\u1ec1u trong\u00a0 c\u00e1c c\u00f4ng tr\u00ecnh bi\u1ec7t \u00a0th\u1ef1, villa, nh\u00e0 ph\u1ed1, t\u00f2a nh\u00e0 cao t\u1ea7ng, v\u0103n ph\u00f2ng\u2026do lan can s\u1eaft m\u1ef9 thu\u1eadt c\u00f3 nhi\u1ec1u \u01b0u \u0111i\u1ec3m v\u01b0\u1ee3t tr\u1ed9i m\u00e0 s\u1ea3n ph\u1ea9m n\u00e0y mang l\u1ea1i. H\u00e3y c\u00f9ng <strong>S\u1eaft M\u1ef9 Thu\u1eadt Th\u00e0nh An<\/strong> \u0111i\u1ec3m qua 1 v\u00e0i \u01b0u \u0111i\u1ec3m sau nh\u00e9:<\/span><\/span><\/p>\n<ul>\n<li><!--[if--><!--[endif]--><span style=\"font-family:Times New Roman,serif;\"><span style=\"font-size:14.0pt;\">Lan can s\u1eaft m\u1ef9 thu\u1eadt kh\u00f4ng ch\u1ec9 \u0111\u1eb9p m\u00e0 c\u00f2n \u0111\u1ed9 b\u1ec1n v\u00e0 \u0111\u1ed9 an to\u00e0n cao, tho\u00e1ng \u0111\u00e3ng, T\u1ea1i sao s\u1eaft m\u00e0 c\u00f3 \u0111\u1ed9 b\u1ec1n cao v\u00ec\u00a0 V\u1eadt li\u1ec7u s\u1eed d\u1ee5ng \u0111\u1ea7u ch\u1ee7 y\u1ebfu s\u1eaft \u0111\u1eb7c, la \u0111\u1eb7c l\u00e0 c\u00e1c lo\u1ea1i th\u00e9p k\u1ebft h\u1ee3p v\u1edbi\u00a0 c\u00e1c lo\u1ea1i s\u01a1n c\u00f3 th\u01b0\u01a1ng hi\u1ec7u tr\u00ean th\u1ecb tr\u01b0\u1eddng nh\u01b0 s\u01a1n t\u0129nh \u0111i\u1ec7n, nh\u00fang k\u1ebdm, s\u01a1n l\u00f3t 2 th\u00e0nh ph\u1ea7n, ph\u1ee7 b\u00f3ng ch\u1ed1ng tr\u1ea7y ch\u1ed1ng bay m\u00e0u\u2026, v\u00ec v\u1eady lu\u00f4n mang l\u1ea1i s\u1ef1 h\u00e0i h\u00f2ng cho kh\u00e1ch h\u00e0ng trong t\u1eebng chi ti\u1ebft, s\u1ea3n ph\u1ea9m .<\/span><\/span><!--![endif]--><!--![if--><\/li>\n<\/ul>\n<p style=\"text-align: center;\"><img decoding=\"async\" src=\"http:\/\/localhost\/o\/wp-content\/uploads\/2025\/08\/card-1.jpg\" style=\"width: 800px; height: 252px;\" title=\"card-1\"><\/p>\n<p style=\"text-align: center;\"><strong>S\u1eaft m\u1ef9 thu\u1eadt Th\u00e0nh An\u00a0<\/strong><\/p>\n<ul>\n<li><!--[if--><!--[endif]--><span style=\"font-family:Times New Roman,serif;\"><span style=\"font-size:14.0pt;\">\u0110a d\u1ea1ng m\u1eabu m\u00e3: thi\u1ebft k\u1ebf \u0111a d\u1ea1ng d\u1ec5 thay \u0111\u1ed5i phong c\u00e1ch theo c\u00e1 t\u00ednh ri\u00eang c\u1ee7a t\u1eebng ki\u1ebfn tr\u00fac s\u01b0, gia ch\u1ee7 . Ngo\u00e0i y\u1ebfu t\u1ed1 th\u1ea9m m\u1ef9 ra c\u00f2n r\u1ea5t nhi\u1ec1u m\u1eabu m\u00e3, nh\u1eefng thanh th\u00e9p \u0111\u01b0\u1ee3c gia c\u00f4ng, u\u1ed1n \u0111\u00fac v\u00e0 k\u1ebft h\u1ee3p hoa v\u0103n b\u00f4ng hoa l\u00e1 c\u00e1ch \u0111i\u1ec7u c\u00f9ng b\u00e0n tay kh\u00e9o l\u00e9o c\u1ee7a th\u1ee3 kinh nghi\u1ec7m l\u00e2u n\u0103m theo thi\u1ebft k\u1ebf b\u1ea3n v\u1ebd t\u1ea1o n\u00ean nh\u1eefng s\u1ea3n ph\u1ea9m \u0111\u1eb9p m\u1eaft, c\u00f3 h\u1ed3n v\u00e0 \u0111\u1ea7y s\u1ee9c s\u1ed1ng, \u0111i\u1ec3m nh\u1ea5n c\u1ee7a ngo\u1ea1i th\u1ea5t ng\u00f4i nh\u00e0.<\/span><\/span><!--![endif]--><!--![if--><\/li>\n<li><!--[if--><!--[if--><!--[endif]--><!--[endif]--><span style=\"font-family:Times New Roman,serif;\"><span style=\"font-size:14.0pt;\">Kh\u1ea3 n\u0103ng ch\u1ecbu l\u1ef1c c\u1ef1c l\u1edbn n\u00ean \u0111\u1ea3m b\u1ea3o cho ng\u01b0\u1eddi s\u1eed d\u1ee5ng<\/span><\/span><!--![endif]--><!--![endif]--><!--![if--><!--![if--><\/li>\n<li><!--[if--><!--[if--><!--[if--><!--[endif]--><!--[endif]--><!--[endif]--><span style=\"font-family:Times New Roman,serif;\"><span style=\"font-size:14.0pt;\">\u00cdt b\u1ecb ph\u00e1 ho\u1ea1i tr\u01b0\u1edbc nh\u1eefng bi\u1ebfn \u0111\u1ed5i c\u1ee7a thi\u1ec7n nhi\u00ean ,th\u1eddi ti\u1ebft\u00a0 <\/span><\/span><!--![endif]--><!--![endif]--><!--![endif]--><!--![if--><!--![if--><!--![if--><\/li>\n<li><!--[if--><!--[if--><!--[if--><!--[if--><!--[endif]--><!--[endif]--><!--[endif]--><!--[endif]--><span style=\"font-family:Times New Roman,serif;\"><span style=\"font-size:14.0pt;\">Kh\u00f4ng ch\u1ecbu \u1ea3nh h\u01b0\u1edfng c\u1ee7a c\u00e1c v\u1eadt va \u0111\u1eadp\u2026<\/span><\/span><!--![endif]--><!--![endif]--><!--![endif]--><!--![endif]--><!--![if--><!--![if--><!--![if--><!--![if--><\/li>\n<li><!--[if--><!--[if--><!--[if--><!--[if--><!--[if--><!--[endif]--><!--[endif]--><!--[endif]--><!--[endif]--><!--[endif]--><span style=\"font-family:Times New Roman,serif;\"><span style=\"font-size:14.0pt;\">\u0110\u1ed9 b\u1ec1n cao,tu\u1ed5i th\u1ecd l\u1edbn ,c\u00f3 th\u1ec3 s\u1eeda ch\u1eefa s\u01a1n m\u1edbi\u2026<\/span><\/span><!--![endif]--><!--![endif]--><!--![endif]--><!--![endif]--><!--![endif]--><!--![if--><!--![if--><!--![if--><!--![if--><!--![if--><\/li>\n<\/ul>\n<p style=\"text-align: center;\"><img decoding=\"async\" src=\"http:\/\/localhost\/o\/wp-content\/uploads\/2025\/08\/thiet20ke20sat20my20thuat20dep-1.jpg\" style=\"width: 700px; height: 395px;\" title=\"thiet20ke20sat20my20thuat20dep-1\"><\/p>\n<p style=\"text-align: center;\"><strong>Thi\u1ebft k\u1ebf bi\u1ec7t th\u1ef1 Bi\u00ean H\u00f2a \u0110\u1ed3ng Nai<\/strong><\/p>\n<p style=\"text-align: justify;\"><strong><span style=\"font-family:Times New Roman,serif;\"><span style=\"font-size:14.0pt;\">C\u00f3 th\u1ec3 xem th\u00eam c\u00e1c b\u00e0i kh\u00e1c v\u00e0 video t\u1ea1i Th\u00e0nh An:<\/span><\/span><\/strong><\/p>\n<p style=\"text-align: justify;\"><strong><span style=\"font-family:Times New Roman,serif;\"><span style=\"font-size:14.0pt;\">*<a href=\"https:\/\/satmythuatthanhan.com\/bao-gia-lan-can-sat-nghe-thuat-quan-9-tphcm\">https:\/\/satmythuatthanhan.com\/bao-gia-lan-can-sat-nghe-thuat-quan-9-tphcm<\/a><\/span><\/span><\/strong><\/p>\n<p style=\"text-align: justify;\"><font face=\"Times New Roman, serif\"><span style=\"font-size: 18.6667px;\"><b>*\u00a0<a href=\"https:\/\/satmythuatthanhan.com\/sat-my-thuat-quan-2-tphcm\">https:\/\/satmythuatthanhan.com\/sat-my-thuat-quan-2-tphcm<\/a><\/b><\/span><\/font><\/p>\n<p style=\"text-align: justify;\"><font face=\"Times New Roman, serif\"><span style=\"font-size: 18.6667px;\"><b>*\u00a0<a href=\"https:\/\/satmythuatthanhan.com\/cau-thang-xoan-oc-my-thuat-tai-tp-ho-chi-minh\">https:\/\/satmythuatthanhan.com\/cau-thang-xoan-oc-my-thuat-tai-tp-ho-chi-minh<\/a><\/b><\/span><\/font><\/p>\n<h2><strong><span style=\"font-family:Times New Roman,serif;\"><span style=\"font-size:14.0pt;\">2 \u2013 B\u00e1o gi\u00e1 v\u1ec1 lan can s\u1eaft m\u1ef9 thu\u1eadt chu\u1ea9n<\/span><\/span><\/strong><\/h2>\n<p><span style=\"font-family:Times New Roman,serif;\"><span style=\"font-size:14.0pt;\">Gi\u00e1 c\u1ee7a lan can ph\u1ee5 thu\u1ed9c v\u00e0o nhi\u1ec1u y\u1ebfu t\u1ed1 kh\u00e1c nhau nh\u01b0:<\/span><\/span><\/p>\n<ul>\n<li><!--[if--><!--[endif]--><span style=\"font-family:Times New Roman,serif;\"><span style=\"font-size:14.0pt;\">Ki\u1ec3u d\u00e1ng \u0111\u01b0\u1ee3c l\u1ef1a ch\u1ecdn ph\u1ee9c t\u1ea1p c\u1ea7u k\u1ef3 hay \u0111\u01a1n gi\u1ea3n.<\/span><\/span><!--![endif]--><!--![if--><\/li>\n<li><!--[if--><!--[if--><!--[endif]--><!--[endif]--><span style=\"font-family:Times New Roman,serif;\"><span style=\"font-size:14.0pt;\">K\u00edch th\u01b0\u1edbc kh\u1ed1i l\u01b0\u1ee3ng c\u1ee7a m\u1ed7i lan can d\u00e0i ng\u1eafn, cao th\u1ea5p.. nh\u01b0 n\u00e0o<\/span><\/span><!--![endif]--><!--![endif]--><!--![if--><!--![if--><\/li>\n<li><!--[if--><!--[if--><!--[if--><!--[endif]--><!--[endif]--><!--[endif]--><span style=\"font-family:Times New Roman,serif;\"><span style=\"font-size:14.0pt;\">C\u00e1c ph\u1ee5 ki\u1ec7n b\u00f4ng hoa l\u00e1 g\u1eafn k\u00e8m l\u00e0 \u0111\u00fac hay d\u1eadp, nhi\u1ec1u hay \u00edt\u2026<\/span><\/span><!--![endif]--><!--![endif]--><!--![endif]--><!--![if--><!--![if--><!--![if--><\/li>\n<\/ul>\n<p style=\"text-align: justify;\"><span style=\"font-family:Times New Roman,serif;\"><span style=\"font-size:14.0pt;\">Do s\u1ef1 bi\u1ebfn \u0111\u1ed5i \u0111a d\u1ea1ng c\u1ee7a lo\u1ea1i h\u00ecnh s\u1ea3n ph\u1ea9m m\u00e0 gi\u00e1 c\u1ea3 t\u1eebng lo\u1ea1i kh\u00e1c nhau. Tuy nhi\u00ean nh\u00ecn chung s\u1eaft l\u00e0 nguy\u00ean li\u1ec7u kh\u00e1 ph\u1ed5 bi\u1ebfn hi\u1ec7n nay so v\u1edbi nhi\u1ec1u nguy\u00ean li\u1ec7u kh\u00e1c th\u00ec v\u1eabn th\u1ea5p. C\u00f3 th\u1ec3 n\u00f3i lan can s\u1eaft m\u1ef9 thu\u1eadt t\u1eeb \u0111\u01a1n gi\u1ea3n \u0111\u1ebfn c\u1ea7u k\u1ef3 l\u00e0 s\u1ea3n ph\u1ea9m\u00a0<!--[if--><!--[endif]--><span style=\"font-family:Times New Roman,serif;\"><span style=\"font-size:14.0pt;\">d\u00e0nh cho t\u1ea5t m\u1ecdi nh\u00e0 v\u1edbi m\u1ee9c gi\u00e1 b\u00ecnh d\u00e2n \u0111\u1ebfn cao c\u1ea5p.<\/span><\/span><!--![endif]--><!--![if--><\/span><\/span><\/p>\n<p style=\"text-align: center;\"><img decoding=\"async\" alt=\"khung b\u1ea3o v\u1ec7 s\u1eaft m\u1ef9 thu\u1eadt\" src=\"http:\/\/localhost\/o\/wp-content\/uploads\/2025\/08\/bao-ve-cua-so-2.jpg\" style=\"width: 600px; height: 800px;\" title=\"bao-ve-cua-so-2\"><\/p>\n<p style=\"text-align: center;\"><strong>L\u1eafp \u0111\u1eb7t khung b\u1ea3o v\u1ec7<\/strong><\/p>\n<p style=\"text-align: center;\"><img decoding=\"async\" alt=\"b\u00e0n gh\u1ebf s\u1eaft m\u1ef9 thu\u1eadt\" src=\"http:\/\/localhost\/o\/wp-content\/uploads\/2025\/08\/ban-sat-xuat-khau-4.jpg\" style=\"width: 600px; height: 270px;\" title=\"ban-sat-xuat-khau-4\"><\/p>\n<p style=\"text-align: center;\"><strong>Giao h\u00e0ng t\u1ea1i Qu\u1eadn 9 TpHCM<\/strong><\/p>\n<h2 style=\"text-align: center;\"><strong><span style=\"font-family:Times New Roman,serif;\"><span style=\"font-size:14.0pt;\">3 &#8211;\u00a0 T\u1ea1i sao ch\u1ecdn \u0111\u01a1n v\u1ecb Th\u00e0nh An ch\u00fang t\u00f4i thi c\u00f4ng lan can s\u1eaft m\u1ef9 thu\u1eadt?<\/span><\/span><\/strong><\/h2>\n<p><span style=\"font-family:Times New Roman,serif;\"><span style=\"font-size:14.0pt;\">C\u00f3 r\u1ea5t nhi\u1ec1u l\u00fd do \u0111\u1ec3 b\u1ea1n l\u1ef1a ch\u1ecdn ch\u00fang t\u00f4i c\u00f3 nhi\u1ec1u y\u1ebfu t\u1ed1 v\u01b0\u1ee3t tr\u1ed9i nh\u01b0 :<\/span><\/span><\/p>\n<ul>\n<li><!--[if--><!--[endif]--><strong><span style=\"font-family:Times New Roman,serif;\"><span style=\"font-size:14.0pt;\">\u0110\u1ed9i ng\u0169 thi\u1ebft k\u1ebf<\/span><\/span><\/strong><span style=\"font-family:Times New Roman,serif;\"><span style=\"font-size:14.0pt;\"> : \u0110\u1ec1u l\u00e0 nh\u1eefng ng\u01b0\u1eddi c\u00f3 kinh nghi\u1ec7m , th\u1ea9m m\u1ef9 t\u1ed1t n\u1eafm b\u1eaft xu h\u01b0\u1edbng m\u1edbi c\u1ee7a th\u1ecb tr\u01b0\u1eddng. Nh\u1edd v\u1eady m\u00e0 mang t\u1edbi cho kh\u00e1ch h\u00e0ng nh\u1eefng s\u1ea3n ph\u1ea9m c\u00f3 m\u1eabu m\u00e3 \u0111a d\u1ea1ng , \u0111\u1eb3ng c\u1ea5p v\u00e0 tinh t\u1ebf nh\u1ea5t.<\/span><\/span><!--![endif]--><!--![if--><\/li>\n<li><!--[if--><!--[if--><!--[endif]--><!--[endif]--><span style=\"font-family:Times New Roman,serif;\"><span style=\"font-size:14.0pt;\">\u00a0<strong>Nh\u00e2n vi\u00ean k\u1ef9 thu\u1eadt t\u1ed1t<\/strong>:\u00a0 \u0110\u1ed9i ng\u0169 nh\u00e2n vi\u00ean , th\u1ee3 l\u00e0nh ngh\u1ec1 , tr\u1ebb trung, n\u0103ng \u0111\u1ed9ng , kh\u00e9o l\u00e9o nhi\u1ec1u n\u0103m kinh nghi\u1ec7m n\u00ean s\u1ea3n ph\u1ea9m lu\u00f4n \u0111\u01b0\u1ee3c \u0111\u1ea3m b\u1ea3o t\u1ed1t nh\u1ea5t.<\/span><\/span><!--![endif]--><!--![endif]--><!--![if--><!--![if--><\/li>\n<\/ul>\n<p><span style=\"font-family:Times New Roman,serif;\"><span style=\"font-size:14.0pt;\">\u0110\u1ebfn v\u1edbi Th\u00e0nh An qu\u00fd kh\u00e1ch h\u00e0ng kh\u00f4ng ch\u1ec9 h\u00e0i l\u00f2ng v\u1ec1 ch\u1ea5t l\u01b0\u1ee3ng s\u1ea3n ph\u1ea9m, thi c\u00f4ng nhanh ch\u00f3ng, \u0111\u00fang h\u1eb9n m\u00e0 gi\u00e1 c\u1ea3 ph\u1ea3i ch\u0103ng ph\u00f9 h\u1ee3p v\u1edbi t\u1ea5t c\u1ea3 c\u00e1c c\u00f4ng tr\u00ecnh.<\/span><\/span><\/p>\n<p style=\"text-align: center;\"><img decoding=\"async\" alt=\"c\u1eeda c\u1ed5ng s\u1eaft m\u1ef9 thu\u1eadt\" src=\"http:\/\/localhost\/o\/wp-content\/uploads\/2025\/08\/cua-cong-sat-my-thuat-4-1.jpg\" style=\"width: 700px; height: 700px;\" title=\"cua-cong-sat-my-thuat-4-1\"><\/p>\n<p style=\"text-align: center;\"><font face=\"Times New Roman, serif\"><span style=\"font-size: 18.6667px;\"><b>V\u1eadn chuy\u1ec3n c\u1eeda \u0111i l\u1eafp r\u00e1p t\u1ea1i qu\u1eadn 2 tphcm<\/b><\/span><\/font><\/p>\n<p style=\"text-align: center;\"><strong><span style=\"font-family:Times New Roman,serif;\"><span style=\"font-size:14.0pt;\"><iframe loading=\"lazy\" allowfullscreen=\"\" frameborder=\"0\" height=\"360\" src=\"https:\/\/www.youtube.com\/embed\/NA6UBk2L1MM\" width=\"640\"><\/iframe><\/span><\/span><\/strong><\/p>\n<p style=\"margin-left: 0.25in; text-align: center;\"><strong>C\u00f4ng \u0111o\u1ea1n s\u1ea3n xu\u1ea5t xong c\u1eeda s\u1eaft m\u1ef9 thu\u1eadt qu\u1eadn 9 khu khang \u0111i\u1ec1n\u00a0<\/strong><\/p>\n<p style=\"margin-left: 0.25in; text-align: center;\"><strong><iframe loading=\"lazy\" allowfullscreen=\"\" frameborder=\"0\" height=\"360\" src=\"https:\/\/www.youtube.com\/embed\/KyYo-LRJX0M\" width=\"640\"><\/iframe><\/strong><\/p>\n<p style=\"margin-left: 0.25in; text-align: center;\"><strong>Ho\u00e0n thi\u1ec7n c\u00f4ng tr\u00ecnh \u0110\u1ed3ng Nai<\/strong>\u00a0<\/p>\n<p style=\"margin-left: 0.25in; text-align: center;\"><strong><span style=\"font-family:Times New Roman,serif;\"><span style=\"font-size:14.0pt;\">Li\u00ean h\u1ec7 ngay \u0111\u1ec3 \u0111\u01b0\u1ee3c t\u01b0 v\u1ea5n,thi\u1ebft k\u1ebf b\u00e1o gi\u00e1 nhanh v\u1ec1 h\u1ea1ng m\u1ee5c s\u1ea3n ph\u1ea9m m\u00e0 qu\u00fd kh\u00e1ch h\u00e0ng mong mu\u1ed1n:<\/span><\/span><\/strong><\/p>\n<p style=\"margin-left:.25in;text-align:justify;\"><strong><span style=\"font-family:Times New Roman,serif;\"><span style=\"font-size:14.0pt;\">C\u00d4NG TY TNHH TM-DV-XD-TTNT TH\u00c0NH AN<\/span><\/span><\/strong><\/p>\n<p style=\"margin-left:.25in;text-align:justify;\"><span style=\"font-family:Times New Roman,serif;\"><span style=\"font-size:14.0pt;\">\u0110\u1ecba ch\u1ec9 X\u01b0\u1edfng s\u1ea3n xu\u1ea5t : 785C Nguy\u1ec5n Duy Trinh- P. Ph\u00fa H\u1eefu \u2013 Tp Th\u1ee7 \u0110\u01b0c (Qu\u1eadn 9 c\u0169) \u2013 Tp H\u1ed3 Ch\u00ed Minh<\/span><\/span><\/p>\n<p style=\"margin-left:.25in;text-align:justify;\"><span style=\"font-family:Times New Roman,serif;\"><span style=\"font-size:14.0pt;\">Email; <\/span><\/span><a href=\"mailto:xaydungantran@gmail.com\"><span style=\"font-family:Times New Roman,serif;\"><span style=\"font-size:14.0pt;\">xaydungantran@gmail.com<\/span><\/span><\/a><\/p>\n<p style=\"margin-left:.25in;text-align:justify;\"><span style=\"font-family:Times New Roman,serif;\"><span style=\"font-size:14.0pt;\">Tel: 0984.606488 (Ch\u1ecb H\u00e0 chuy\u00ean vi\u00ean t\u01b0 v\u1ea5n v\u00e0 b\u00e1o gi\u00e1) \u2013 0986040655\u00a0 ( Anh An chuy\u00ean vi\u00ean k\u1ef9 thu\u1eadt)<\/span><\/span><\/p>\n<p style=\"margin-left:.25in;text-align:justify;\"><span style=\"font-family:Times New Roman,serif;\"><span style=\"font-size:14.0pt;\">Website: <\/span><\/span><a href=\"https:\/\/satmythuatthanhan.com\"><span style=\"font-family:Times New Roman,serif;\"><span style=\"font-size:14.0pt;\">https:\/\/satmythuatthanhan.com<\/span><\/span><\/a><\/p>\n<\/div>\n","protected":false},"excerpt":{"rendered":"<p>C\u00f4ng Ty Th\u00e0nh An<\/p>\n","protected":false},"featured_media":738,"comment_status":"closed","ping_status":"closed","template":"","meta":[],"product_cat":[19],"product_tag":[],"_links":{"self":[{"href":"https:\/\/satmythuatgiare.com\/index.php?rest_route=\/wp\/v2\/product\/737"}],"collection":[{"href":"https:\/\/satmythuatgiare.com\/index.php?rest_route=\/wp\/v2\/product"}],"about":[{"href":"https:\/\/satmythuatgiare.com\/index.php?rest_route=\/wp\/v2\/types\/product"}],"replies":[{"embeddable":true,"href":"https:\/\/satmythuatgiare.com\/index.php?rest_route=%2Fwp%2Fv2%2Fcomments&post=737"}],"wp:featuredmedia":[{"embeddable":true,"href":"https:\/\/satmythuatgiare.com\/index.php?rest_route=\/wp\/v2\/media\/738"}],"wp:attachment":[{"href":"https:\/\/satmythuatgiare.com\/index.php?rest_route=%2Fwp%2Fv2%2Fmedia&parent=737"}],"wp:term":[{"taxonomy":"product_cat","embeddable":true,"href":"https:\/\/satmythuatgiare.com\/index.php?rest_route=%2Fwp%2Fv2%2Fproduct_cat&post=737"},{"taxonomy":"product_tag","embeddable":true,"href":"https:\/\/satmythuatgiare.com\/index.php?rest_route=%2Fwp%2Fv2%2Fproduct_tag&post=737"}],"curies":[{"name":"wp","href":"https:\/\/api.w.org\/{rel}","templated":true}]}}