{"id":459,"date":"2025-08-26T14:28:50","date_gmt":"2025-08-26T14:28:50","guid":{"rendered":"http:\/\/localhost\/o\/?product=lan-can-cau-thang-my-thuat-06"},"modified":"2025-08-26T14:28:56","modified_gmt":"2025-08-26T14:28:56","slug":"lan-can-cau-thang-my-thuat-06","status":"publish","type":"product","link":"https:\/\/satmythuatgiare.com\/?product=lan-can-cau-thang-my-thuat-06","title":{"rendered":"LAN CAN C\u1ea6U  THANG M\u1ef8 THU\u1eacT 06"},"content":{"rendered":"<\/p>\n<div class=\"content-tabs-pro-detail info-pro-detail active text\">\n<p><a href=\"https:\/\/satmythuatthanhan.com\/sat-my-thuat-quan-9-tp-ho-chi-minh\"><strong>Lan can c\u1ea7u thang s\u1eaft<\/strong><\/a> vu\u00f4ng 14* 14 s\u1eaft \u0111\u1eb7c, s\u01a1n nh\u0169 \u0111\u1ed3ng h\u00f2a ho\u00e0n thi\u1ec7n\u00a0<\/p>\n<p style=\"text-align: center;\"><img decoding=\"async\" alt=\"gia c\u00f4ng lan can s\u1eaft \u0111\u1eb7c\" src=\"http:\/\/localhost\/o\/wp-content\/uploads\/2025\/08\/gia-cong-lan-can-sat-dac.jpg\" style=\"width: 800px; height: 600px;\" title=\"gia-cong-lan-can-sat-dac\"><\/p>\n<p style=\"text-align: center;\"><strong>S\u1ea3n xu\u1ea5t Lan can c\u1ea7u thang t\u1ea1i x\u01b0\u1edfng Th\u00e0nh An<\/strong><\/p>\n<p style=\"text-align: center;\"><strong><img decoding=\"async\" alt=\"lan can s\u1eaft \u0111\u1eb7c 20\" src=\"http:\/\/localhost\/o\/wp-content\/uploads\/2025\/08\/lan-can-sat-dac-20.jpg\" style=\"width: 800px; height: 600px;\" title=\"lan-can-sat-dac-20\"><\/strong><\/p>\n<p style=\"text-align: center;\"><strong>S\u01a1n ch\u1ed1ng r\u1ec9 t\u1ea1i x\u01b0\u1edfng Th\u00e0nh An<\/strong><\/p>\n<p style=\"text-align: center;\"><strong><img decoding=\"async\" alt=\"lan can s\u1eaft \u0111\u1eb7c 21\" src=\"http:\/\/localhost\/o\/wp-content\/uploads\/2025\/08\/lan-can-sat-dac-21.jpg\" style=\"width: 800px; height: 600px;\" title=\"lan-can-sat-dac-21\"><\/strong><\/p>\n<p style=\"text-align: center;\"><strong>S\u01a1n ch\u1ed1ng r\u1ec9 t\u1ea1i x\u01b0\u1edfng Th\u00e0nh An<\/strong><\/p>\n<p style=\"text-align: center;\"><strong><img decoding=\"async\" alt=\"lan can s\u1eaft \u0111\u1eb7c \u0111\u1eb9p\" src=\"http:\/\/localhost\/o\/wp-content\/uploads\/2025\/08\/lan-can-sat-dac-dep-18.jpg\" style=\"width: 800px; height: 600px;\" title=\"lan-can-sat-dac-dep-18\"><\/strong><\/p>\n<p style=\"text-align: center;\"><strong>S\u01a1n nh\u0169 \u0111\u1ed3ng lan can C\u1ea7u thang t\u1ea1i x\u01b0\u1edfng Th\u00e0nh An<\/strong><\/p>\n<p style=\"text-align: center;\"><strong><img decoding=\"async\" alt=\"lan can s\u1eaft \u0111\u1eb7c \u0111\u1eb9p 14\" src=\"http:\/\/localhost\/o\/wp-content\/uploads\/2025\/08\/lan-can-sat-dep-14-1.jpg\" style=\"width: 600px; height: 800px;\" title=\"lan-can-sat-dep-14-1\"><\/strong><\/p>\n<p style=\"text-align: center;\"><strong>Lan can c\u1ea7u thang \u0111\u01b0\u1ee3c l\u1eafp r\u00e1p ho\u00e0n thi\u1ec7n t\u1ea1i C\u00f4ng tr\u00ecnh B\u00ecnh Ph\u01b0\u1edbc<\/strong><\/p>\n<p style=\"text-align: center;\"><strong><img decoding=\"async\" alt=\"lan can s\u1eaft \u0111\u1eb7c \u0111\u1eb9p 18\" src=\"http:\/\/localhost\/o\/wp-content\/uploads\/2025\/08\/lan-can-sat-dep-18.jpg\" style=\"width: 600px; height: 800px;\" title=\"lan-can-sat-dep-18\"><\/strong><\/p>\n<p style=\"text-align: center;\"><strong>Lan can \u0111\u01b0\u1ee3c l\u1eafp r\u00e1p t\u1ea1i C\u00f4ng tr\u00ecnh<\/strong><\/p>\n<p>S\u1eaft M\u1ef9 Thu\u1eadt Th\u00e0nh An t\u1ea1o n\u00ean s\u1ef1 tinh t\u1ebf v\u00e0 \u0111\u1eb3ng c\u1ea5p cho ng\u00f4i nh\u00e0 b\u1ea1n<\/p>\n<p>C\u00d4NG TY TNHH TM-DV-XD-TTNT TH\u00c0NH AN<\/p>\n<p style=\"margin-left:.25in;\"><strong><span style=\"font-family:Times New Roman,serif;\"><span style=\"font-size:14.0pt;\">Li\u00ean h\u1ec7 ngay \u0111\u1ec3 \u0111\u01b0\u1ee3c t\u01b0 v\u1ea5n v\u00e0 b\u00e1o gi\u00e1 nhanh Lan can c\u1ea7u thang s\u1eaft m\u1ef9 thu\u1eadt<\/span><\/span><\/strong><\/p>\n<p style=\"margin-left:.25in;\"><strong><span style=\"font-family:Times New Roman,serif;\"><span style=\"font-size:14.0pt;\">C\u00d4NG TY TNHH TM-DV-XD-TTNT TH\u00c0NH AN<\/span><\/span><\/strong><\/p>\n<p style=\"margin-left:.25in;\"><span style=\"font-family:Times New Roman,serif;\"><span style=\"font-size:14.0pt;\">\u0110\u1ecba ch\u1ec9 X\u01b0\u1edfng s\u1ea3n xu\u1ea5t : 785C Nguy\u1ec5n Duy Trinh- P. Ph\u00fa H\u1eefu \u2013 Tp Th\u1ee7 \u0110\u01b0c (Qu\u1eadn 9 c\u0169) \u2013 Tp H\u1ed3 Ch\u00ed Minh<\/span><\/span><\/p>\n<p style=\"margin-left:.25in;\"><span style=\"font-family:Times New Roman,serif;\"><span style=\"font-size:14.0pt;\">Email; <\/span><\/span><a href=\"mailto:xaydungantran@gmail.com\"><span style=\"font-family:Times New Roman,serif;\"><span style=\"font-size:14.0pt;\">xaydungantran@gmail.com<\/span><\/span><\/a><\/p>\n<p style=\"margin-left:.25in;\"><span style=\"font-family:Times New Roman,serif;\"><span style=\"font-size:14.0pt;\">Tel: 0984.606488 (Ch\u1ecb H\u00e0\u00a0 chuy\u00ean vi\u00ean t\u01b0 v\u1ea5n v\u00e0 b\u00e1o gi\u00e1) \u2013 0986040655\u00a0 ( Anh An chuy\u00ean vi\u00ean k\u1ef9 thu\u1eadt)<\/span><\/span><\/p>\n<p style=\"margin-left:.25in;\"><span style=\"font-family:Times New Roman,serif;\"><span style=\"font-size:14.0pt;\">Website: \u00a0<\/span><\/span><a href=\"https:\/\/satmythuatthanhan.com\"><span style=\"font-family:Times New Roman,serif;\"><span style=\"font-size:14.0pt;\">https:\/\/satmythuatthanhan.com<\/span><\/span><\/a><\/p>\n<p style=\"text-align: center;\">\u00a0<\/p>\n<\/div>\n","protected":false},"excerpt":{"rendered":"<p>Lan can c\u1ea7u thang s\u1eaft vu\u00f4ng 14* 14 s\u1eaft \u0111\u1eb7c, s\u01a1n nh\u0169 \u0111\u1ed3ng h\u00f2a ho\u00e0n thi\u1ec7n\u00a0 S\u1ea3n xu\u1ea5t Lan can c\u1ea7u thang t\u1ea1i x\u01b0\u1edfng Th\u00e0nh An S\u01a1n ch\u1ed1ng r\u1ec9 t\u1ea1i x\u01b0\u1edfng Th\u00e0nh An S\u01a1n ch\u1ed1ng r\u1ec9 t\u1ea1i x\u01b0\u1edfng Th\u00e0nh An S\u01a1n nh\u0169 \u0111\u1ed3ng lan can C\u1ea7u thang t\u1ea1i x\u01b0\u1edfng Th\u00e0nh An Lan can c\u1ea7u thang&#8230;<\/p>\n","protected":false},"featured_media":460,"comment_status":"closed","ping_status":"closed","template":"","meta":[],"product_cat":[20],"product_tag":[],"_links":{"self":[{"href":"https:\/\/satmythuatgiare.com\/index.php?rest_route=\/wp\/v2\/product\/459"}],"collection":[{"href":"https:\/\/satmythuatgiare.com\/index.php?rest_route=\/wp\/v2\/product"}],"about":[{"href":"https:\/\/satmythuatgiare.com\/index.php?rest_route=\/wp\/v2\/types\/product"}],"replies":[{"embeddable":true,"href":"https:\/\/satmythuatgiare.com\/index.php?rest_route=%2Fwp%2Fv2%2Fcomments&post=459"}],"wp:featuredmedia":[{"embeddable":true,"href":"https:\/\/satmythuatgiare.com\/index.php?rest_route=\/wp\/v2\/media\/460"}],"wp:attachment":[{"href":"https:\/\/satmythuatgiare.com\/index.php?rest_route=%2Fwp%2Fv2%2Fmedia&parent=459"}],"wp:term":[{"taxonomy":"product_cat","embeddable":true,"href":"https:\/\/satmythuatgiare.com\/index.php?rest_route=%2Fwp%2Fv2%2Fproduct_cat&post=459"},{"taxonomy":"product_tag","embeddable":true,"href":"https:\/\/satmythuatgiare.com\/index.php?rest_route=%2Fwp%2Fv2%2Fproduct_tag&post=459"}],"curies":[{"name":"wp","href":"https:\/\/api.w.org\/{rel}","templated":true}]}}