{"id":455,"date":"2025-08-26T14:28:37","date_gmt":"2025-08-26T14:28:37","guid":{"rendered":"http:\/\/localhost\/o\/?product=lan-can-cau-thang-my-thuat-don-gian"},"modified":"2025-08-26T14:28:40","modified_gmt":"2025-08-26T14:28:40","slug":"lan-can-cau-thang-my-thuat-don-gian","status":"publish","type":"product","link":"https:\/\/satmythuatgiare.com\/?product=lan-can-cau-thang-my-thuat-don-gian","title":{"rendered":"LAN CAN C\u1ea6U THANG M\u1ef8 THU\u1eacT \u0110\u01a0N GI\u1ea2N"},"content":{"rendered":"<\/p>\n<div class=\"content-tabs-pro-detail info-pro-detail active text\">\n<p>Lan can c\u1ea7u thang s\u1eaft \u00a0+tay n\u1eafm g\u1ed7 m\u1eabu \u0111\u01a1n gi\u1ea3n kh\u00f4ng k\u00e9m ph\u1ea7n sang tr\u1ecdng tinh t\u1ebf, t\u1ea1o n\u00ean phong c\u00e1ch ri\u00eang cho ng\u00f4i nh\u00e0 b\u1ea1n.<\/p>\n<p>V\u1eadt t\u01b0: s\u1eaft Phi 16 \u0111\u1eb7c + la 30*6mm,tay n\u1eafm g\u1ed7 c\u0103m xe<\/p>\n<p>C\u00f4ng ty TNHH TM-DV-XD-TTNT Th\u00e0nh An v\u1edbi \u0111\u1ed9i ng\u0169 nh\u00e2n vi\u00ean kinh nghi\u1ec7m l\u00e2u n\u0103m c\u00f3 t\u00e2n ,c\u00f3 t\u1ea7m v\u00e0 \u0111am m\u00ea v\u1edbi ngh\u1ec1 t\u1ea1o n\u00ean s\u1ea3n ph\u1ea9m b\u1ec1n \u0111\u1eb9p,tinh t\u1ebf,sang tr\u1ecdng<\/p>\n<p>Th\u1eddi gian b\u1ea3o h\u00e0nh: 12 th\u00e1ng s\u01a1n n\u01b0\u1edbc + m\u1ed1i h\u00e0n<\/p>\n<p>\u00a0<\/p>\n<\/div>\n","protected":false},"excerpt":{"rendered":"<p>Lan can c\u1ea7u thang s\u1eaft \u00a0+tay n\u1eafm g\u1ed7 m\u1eabu \u0111\u01a1n gi\u1ea3n kh\u00f4ng k\u00e9m ph\u1ea7n sang tr\u1ecdng tinh t\u1ebf, t\u1ea1o n\u00ean phong c\u00e1ch ri\u00eang cho ng\u00f4i nh\u00e0 b\u1ea1n. V\u1eadt t\u01b0: s\u1eaft Phi 16 \u0111\u1eb7c + la 30*6mm,tay n\u1eafm g\u1ed7 c\u0103m xe C\u00f4ng ty TNHH TM-DV-XD-TTNT Th\u00e0nh An v\u1edbi \u0111\u1ed9i ng\u0169 nh\u00e2n vi\u00ean kinh nghi\u1ec7m l\u00e2u n\u0103m&#8230;<\/p>\n","protected":false},"featured_media":456,"comment_status":"closed","ping_status":"closed","template":"","meta":[],"product_cat":[20],"product_tag":[],"_links":{"self":[{"href":"https:\/\/satmythuatgiare.com\/index.php?rest_route=\/wp\/v2\/product\/455"}],"collection":[{"href":"https:\/\/satmythuatgiare.com\/index.php?rest_route=\/wp\/v2\/product"}],"about":[{"href":"https:\/\/satmythuatgiare.com\/index.php?rest_route=\/wp\/v2\/types\/product"}],"replies":[{"embeddable":true,"href":"https:\/\/satmythuatgiare.com\/index.php?rest_route=%2Fwp%2Fv2%2Fcomments&post=455"}],"wp:featuredmedia":[{"embeddable":true,"href":"https:\/\/satmythuatgiare.com\/index.php?rest_route=\/wp\/v2\/media\/456"}],"wp:attachment":[{"href":"https:\/\/satmythuatgiare.com\/index.php?rest_route=%2Fwp%2Fv2%2Fmedia&parent=455"}],"wp:term":[{"taxonomy":"product_cat","embeddable":true,"href":"https:\/\/satmythuatgiare.com\/index.php?rest_route=%2Fwp%2Fv2%2Fproduct_cat&post=455"},{"taxonomy":"product_tag","embeddable":true,"href":"https:\/\/satmythuatgiare.com\/index.php?rest_route=%2Fwp%2Fv2%2Fproduct_tag&post=455"}],"curies":[{"name":"wp","href":"https:\/\/api.w.org\/{rel}","templated":true}]}}