{"id":426,"date":"2025-08-26T14:27:47","date_gmt":"2025-08-26T14:27:47","guid":{"rendered":"http:\/\/localhost\/o\/?product=lan-can-cau-thang-lc-ct-020"},"modified":"2025-08-26T14:27:49","modified_gmt":"2025-08-26T14:27:49","slug":"lan-can-cau-thang-lc-ct-020","status":"publish","type":"product","link":"https:\/\/satmythuatgiare.com\/?product=lan-can-cau-thang-lc-ct-020","title":{"rendered":"LAN CAN C\u00c2U THANG -LC CT 020"},"content":{"rendered":"<\/p>\n<div class=\"content-tabs-pro-detail info-pro-detail active text\">\n<p><a href=\"https:\/\/satmythuatthanhan.com\/\">S\u1eaft M\u1ef9 Thu\u1eadt Th\u00e0nh An\u00a0<\/a>chuy\u00ean s\u1ea3n xu\u1ea5t thi c\u00f4ng<strong> lan can c\u1ea7u thang s\u1eaft m\u1ef9 thu\u1eadt<\/strong> \u0111\u1eb3ng c\u1ea5p t\u1ea1\u1ecb th\u00e0nh ph\u1ed1 h\u1ed3 ch\u00ed minh v\u00e0 c\u00e1c t\u1ec9nh tr\u00ean m\u1ecdi mi\u1ec1n qu\u1ed1c gia Vi\u1ec7t Nam<\/p>\n<p style=\"text-align: center;\"><img decoding=\"async\" alt=\"lan can s\u1eaft \u0111\u1eb7c gia c\u00f4ng\" src=\"http:\/\/localhost\/o\/wp-content\/uploads\/2025\/08\/lan-can-sat-dac-gia-cong.jpg\" style=\"width: 800px; height: 600px;\" title=\"lan-can-sat-dac-gia-cong\"><\/p>\n<p style=\"text-align: center;\"><strong>Gia c\u00f4ng lan can c\u1ea7u thang s\u1eaft m\u1ef9 thu\u1eadt t\u1ea1i X\u01b0\u1edfng<\/strong><\/p>\n<p style=\"text-align: center;\">Th\u00e0nh An t\u1ef1 h\u00e0o l\u00e0 \u0111\u01a1n v\u1ecb thi c\u00f4ng <strong>lan can c\u1ea7u thang s\u1eaft m\u1ef9 thu\u1eadt<\/strong>, an to\u00e0n, tinh t\u1ebf\u00a0v\u00e0 b\u1eaft m\u1eaft v\u1edbi nhi\u1ec1u n\u0103m kinh nhi\u1ec7m trong ngh\u1ec1, \u0111\u1ed9i ng\u0169 nh\u00e2n vi\u00ean t\u1eadn t\u00e2m v\u1edbi ngh\u1ec1\u00a0v\u1edbi k\u1ef9 thu\u1eadt cao.<\/p>\n<p style=\"text-align: center;\"><img decoding=\"async\" alt=\"lan can s\u1eaft \u0111\u1eb9o 14\" src=\"http:\/\/localhost\/o\/wp-content\/uploads\/2025\/08\/lan-can-sat-dep-14.jpg\" style=\"width: 600px; height: 800px;\" title=\"lan-can-sat-dep-14\"><\/p>\n<p style=\"text-align: center;\">L\u1eafp r\u00e1p lan can c\u1ea7u thang t\u1ea1i c\u00f4ng tr\u00ecnh tphcm<\/p>\n<p style=\"text-align: center;\"><img decoding=\"async\" alt=\"lan can s\u1eaft \u0111\u1eb7c 19\" src=\"http:\/\/localhost\/o\/wp-content\/uploads\/2025\/08\/lan-can-sat-dac-19.jpg\" style=\"width: 800px; height: 600px;\" title=\"lan-can-sat-dac-19\"><\/p>\n<p style=\"text-align: center;\"><strong>S\u01a1n lan can t\u1ea1i X\u01b0\u1edfng Th\u00e0nh An<\/strong><\/p>\n<h2><strong>Li\u00ean h\u1ec7 ngay \u0111\u1ec3 \u0111\u01b0\u1ee3c t\u01b0 v\u1ea5n k\u1ef9 r\u00f5 v\u1ec1 lan can c\u1ea7u thang s\u1eaft m\u1ef9 thu\u1eadt<\/strong><\/h2>\n<h3><strong>C\u00d4NG TY TNHH TM-DV-XD-TTNT TH\u00c0NH AN<\/strong><\/h3>\n<p>\u0110C:\u00a0785C Nguy\u1ec5n Duy Trinh, P. Ph\u00fa H\u1eefu, Q.9, Tp. Th\u1ee7 \u0110\u1ee9c. HCM<br \/>\nEmail: xaydungantran@gmail.com<br \/>\nTel:\u00a0<strong>0984 606 488 (Ch\u1ecb H\u00e0 chuy\u00ean vi\u00ean t\u01b0 v\u1ea5n v\u00e0 b\u00e1o gi\u00e1) &#8211;\u00a00986040655\u00a0( Anh An T\u01b0 v\u1ea5n k\u1ef9 thu\u1eadt)<\/strong><br \/>\nMST:\u00a00314318001<br \/>\nWebsite: https:\/\/satmythuatthanhan.com<\/p>\n<\/div>\n","protected":false},"excerpt":{"rendered":"<p>S\u1eaft M\u1ef9 Thu\u1eadt Th\u00e0nh An\u00a0chuy\u00ean s\u1ea3n xu\u1ea5t thi c\u00f4ng lan can c\u1ea7u thang s\u1eaft m\u1ef9 thu\u1eadt \u0111\u1eb3ng c\u1ea5p t\u1ea1\u1ecb th\u00e0nh ph\u1ed1 h\u1ed3 ch\u00ed minh v\u00e0 c\u00e1c t\u1ec9nh tr\u00ean m\u1ecdi mi\u1ec1n qu\u1ed1c gia Vi\u1ec7t Nam Gia c\u00f4ng lan can c\u1ea7u thang s\u1eaft m\u1ef9 thu\u1eadt t\u1ea1i X\u01b0\u1edfng Th\u00e0nh An t\u1ef1 h\u00e0o l\u00e0 \u0111\u01a1n v\u1ecb thi c\u00f4ng lan&#8230;<\/p>\n","protected":false},"featured_media":427,"comment_status":"closed","ping_status":"closed","template":"","meta":[],"product_cat":[20],"product_tag":[],"_links":{"self":[{"href":"https:\/\/satmythuatgiare.com\/index.php?rest_route=\/wp\/v2\/product\/426"}],"collection":[{"href":"https:\/\/satmythuatgiare.com\/index.php?rest_route=\/wp\/v2\/product"}],"about":[{"href":"https:\/\/satmythuatgiare.com\/index.php?rest_route=\/wp\/v2\/types\/product"}],"replies":[{"embeddable":true,"href":"https:\/\/satmythuatgiare.com\/index.php?rest_route=%2Fwp%2Fv2%2Fcomments&post=426"}],"wp:featuredmedia":[{"embeddable":true,"href":"https:\/\/satmythuatgiare.com\/index.php?rest_route=\/wp\/v2\/media\/427"}],"wp:attachment":[{"href":"https:\/\/satmythuatgiare.com\/index.php?rest_route=%2Fwp%2Fv2%2Fmedia&parent=426"}],"wp:term":[{"taxonomy":"product_cat","embeddable":true,"href":"https:\/\/satmythuatgiare.com\/index.php?rest_route=%2Fwp%2Fv2%2Fproduct_cat&post=426"},{"taxonomy":"product_tag","embeddable":true,"href":"https:\/\/satmythuatgiare.com\/index.php?rest_route=%2Fwp%2Fv2%2Fproduct_tag&post=426"}],"curies":[{"name":"wp","href":"https:\/\/api.w.org\/{rel}","templated":true}]}}