{"id":416,"date":"2025-08-26T14:27:28","date_gmt":"2025-08-26T14:27:28","guid":{"rendered":"http:\/\/localhost\/o\/?product=lan-can-cau-thang-sat-don-gian-quan-2"},"modified":"2025-08-26T14:27:36","modified_gmt":"2025-08-26T14:27:36","slug":"lan-can-cau-thang-sat-don-gian-quan-2","status":"publish","type":"product","link":"https:\/\/satmythuatgiare.com\/?product=lan-can-cau-thang-sat-don-gian-quan-2","title":{"rendered":"LAN CAN C\u1ea6U THANG S\u1eaeT \u0110\u01a0N GI\u1ea2N QU\u1eacN 2"},"content":{"rendered":"<\/p>\n<div class=\"content-tabs-pro-detail info-pro-detail active text\">\n<p><a href=\"https:\/\/satmythuatthanhan.com\/\">S\u1eaft M\u1ef9 Thu\u1eadt Th\u00e0nh An\u00a0<\/a>chuy\u00ean gia c\u00f4ng, l\u1eafp r\u00e1p c\u00e1c lo\u1ea1i\u00a0<strong><em><a href=\"https:\/\/satmythuatthanhan.com\/sat-my-thuat-quan-9-tp-ho-chi-minh\">lan can s\u1eaft<\/a>, lan can m\u1eb7t ti\u1ec1n\u00a0s\u1eaft m\u1ef9 thu\u1eadt<\/em><\/strong>\u00a0\u0111\u1eb3ng c\u1ea5p t\u1ea1\u1ecb t\u1ea5t c\u1ea3 c\u00e1c\u00a0<strong>qu\u1eadn 9, Qu\u1eadn 2, Qu\u1eadn 7, Qu\u1eadn 10, Qu\u1eadn 11, Qu\u1eadn 12&#8230;\u00a0Tp H\u1ed3 Ch\u00ed Minh<\/strong>\u00a0v\u00e0 c\u00e1c t\u1ec9nh tr\u00ean m\u1ecdi mi\u1ec1n qu\u1ed1c gia Vi\u1ec7t Nam.<\/p>\n<p style=\"text-align: center;\"><img decoding=\"async\" alt=\"LAN CAN S\u1eaeT TH\u00c0NH AN\" src=\"http:\/\/localhost\/o\/wp-content\/uploads\/2025\/08\/lan-can-ban-cong-sat-64.jpg\" style=\"width: 800px; height: 600px;\" title=\"lan-can-ban-cong-sat-64\"><\/p>\n<p style=\"text-align: center;\"><strong>Lan can s\u1eaft m\u1ef9 thu\u1eadt t\u1ea1i x\u01b0\u1edfng<\/strong><\/p>\n<p>C\u00d4ng ty TNHH TM -DV-XD-TTNT Th\u00e0nh An v\u1edbi \u0111\u1ed9i ng\u0169 c\u00e1n b\u1ed9 nh\u00e2n vi\u00ean kinh nghi\u1ec7m 10 n\u0103m trong ngh\u1ec1 S\u1eaft M\u1ef9 Thu\u1eadt, t\u00e2n t\u00e2m v\u1edbi ngh\u1ec1, chuy\u00ean m\u00f4n cao. t\u1ea1o n\u00ean nh\u1eefng s\u1ea3n \u0111\u1ed9c \u0111\u00e1o \u0111\u1eb3ng c\u1ea5p.<\/p>\n<p style=\"text-align: center;\"><img decoding=\"async\" alt=\"lan can s\u1eaft \u0111\u1eb7c\" src=\"http:\/\/localhost\/o\/wp-content\/uploads\/2025\/08\/lan-can-sat-dep-24.jpg\" style=\"width: 584px; height: 700px;\" title=\"lan-can-sat-dep-24\"><\/p>\n<p style=\"text-align: center;\">Lan can c\u1ea7u thang s\u1eaft\u00a0<\/p>\n<p>S\u1eaft m\u1ef9 thu\u1eadt Th\u00e0nh An chuy\u00ean thi c\u00f4ng , l\u1eafp \u0111\u1eb7t ho\u00e0n thi\u1ec7n Lan can c\u1ea7u thang s\u1eaft m\u1ef9 thu\u1eadt,\u00a0\u00a0<\/p>\n<p style=\"text-align: center;\"><img decoding=\"async\" alt=\"lan can s\u1eaft \u0111\u1eb7c th\u00e0nh an\" src=\"http:\/\/localhost\/o\/wp-content\/uploads\/2025\/08\/lan-can-sat-dac-dep-25.jpg\" style=\"width: 600px; height: 673px;\" title=\"lan-can-sat-dac-dep-25\"><\/p>\n<p style=\"text-align: center;\">Lan can c\u1ea7u thang la 20*6mm<\/p>\n<h2>M\u1ecdi chi ti\u1ebft l<strong>i\u00ean h\u1ec7:<\/strong><\/h2>\n<h3><strong>C\u00d4NG TY TNHH TM-DV-XD-TTNT TH\u00c0NH AN<\/strong><\/h3>\n<p>\u0110C:\u00a0785C Nguy\u1ec5n Duy Trinh, P. Ph\u00fa H\u1eefu, Q.9, Tp. Th\u1ee7 \u0110\u1ee9c. HCM<br \/>\nEmail: xaydungantran@gmail.com<br \/>\nTel:\u00a0<strong>0984 606 488 (Ch\u1ecb H\u00e0 chuy\u00ean vi\u00ean t\u01b0 v\u1ea5n v\u00e0 b\u00e1o gi\u00e1) &#8211;<\/strong><br \/>\nMST:\u00a00314318001<br \/>\nWebsite:\u00a0https:\/\/satmythuatthanhan.com<\/p>\n<\/div>\n","protected":false},"excerpt":{"rendered":"<p>S\u1eaft M\u1ef9 Thu\u1eadt Th\u00e0nh An\u00a0chuy\u00ean gia c\u00f4ng, l\u1eafp r\u00e1p c\u00e1c lo\u1ea1i\u00a0lan can s\u1eaft, lan can m\u1eb7t ti\u1ec1n\u00a0s\u1eaft m\u1ef9 thu\u1eadt\u00a0\u0111\u1eb3ng c\u1ea5p t\u1ea1\u1ecb t\u1ea5t c\u1ea3 c\u00e1c\u00a0qu\u1eadn 9, Qu\u1eadn 2, Qu\u1eadn 7, Qu\u1eadn 10, Qu\u1eadn 11, Qu\u1eadn 12&#8230;\u00a0Tp H\u1ed3 Ch\u00ed Minh\u00a0v\u00e0 c\u00e1c t\u1ec9nh tr\u00ean m\u1ecdi mi\u1ec1n qu\u1ed1c gia Vi\u1ec7t Nam. Lan can s\u1eaft m\u1ef9 thu\u1eadt t\u1ea1i x\u01b0\u1edfng C\u00d4ng&#8230;<\/p>\n","protected":false},"featured_media":417,"comment_status":"closed","ping_status":"closed","template":"","meta":[],"product_cat":[20],"product_tag":[],"_links":{"self":[{"href":"https:\/\/satmythuatgiare.com\/index.php?rest_route=\/wp\/v2\/product\/416"}],"collection":[{"href":"https:\/\/satmythuatgiare.com\/index.php?rest_route=\/wp\/v2\/product"}],"about":[{"href":"https:\/\/satmythuatgiare.com\/index.php?rest_route=\/wp\/v2\/types\/product"}],"replies":[{"embeddable":true,"href":"https:\/\/satmythuatgiare.com\/index.php?rest_route=%2Fwp%2Fv2%2Fcomments&post=416"}],"wp:featuredmedia":[{"embeddable":true,"href":"https:\/\/satmythuatgiare.com\/index.php?rest_route=\/wp\/v2\/media\/417"}],"wp:attachment":[{"href":"https:\/\/satmythuatgiare.com\/index.php?rest_route=%2Fwp%2Fv2%2Fmedia&parent=416"}],"wp:term":[{"taxonomy":"product_cat","embeddable":true,"href":"https:\/\/satmythuatgiare.com\/index.php?rest_route=%2Fwp%2Fv2%2Fproduct_cat&post=416"},{"taxonomy":"product_tag","embeddable":true,"href":"https:\/\/satmythuatgiare.com\/index.php?rest_route=%2Fwp%2Fv2%2Fproduct_tag&post=416"}],"curies":[{"name":"wp","href":"https:\/\/api.w.org\/{rel}","templated":true}]}}