{"id":36,"date":"2023-02-13T03:30:29","date_gmt":"2023-02-13T03:30:29","guid":{"rendered":"http:\/\/localhost:8080\/cameradinhvi\/?page_id=36"},"modified":"2023-02-13T03:30:29","modified_gmt":"2023-02-13T03:30:29","slug":"huong-dan-thanh-toan","status":"publish","type":"page","link":"https:\/\/satmythuatgiare.com\/?page_id=36","title":{"rendered":"H\u01af\u1edaNG D\u1eaaN THANH TO\u00c1N"},"content":{"rendered":"<p>Qu\u00fd kh\u00e1ch c\u00f3 th\u1ec3 thanh to\u00e1n khi mua h\u00e0ng t\u1ea1i h\u1ec7 th\u1ed1ng c\u1eeda h\u00e0ng c\u1ee7a ch\u00fang t\u00f4i ho\u1eb7c \u0111\u1eb7t mua h\u00e0ng Online b\u1eb1ng nh\u1eefng c\u00e1ch sau:<\/p>\n<p><strong>1. Thanh to\u00e1n ti\u1ec1n m\u1eb7t t\u1ea1i nh\u00e0 khi nh\u1eadn h\u00e0ng th\u00f4ng qua h\u00ecnh th\u1ee9c giao h\u00e0ng tr\u1ef1c ti\u1ebfp, chuy\u1ec3n ph\u00e1t nhanh ho\u1eb7c COD:<\/strong><\/p>\n<p>Khi nh\u00e2n vi\u00ean giao h\u00e0ng giao ph\u00e1t, kh\u00e1ch h\u00e0ng ki\u1ec3m tra s\u1ea3n ph\u1ea9m v\u1ec1 h\u00ecnh th\u1ee9c \u0111\u1ea3m b\u1ea3o, kh\u00e1ch h\u00e0ng nh\u1eadn h\u00e0ng v\u00e0 thanh to\u00e1n tr\u1ef1c ti\u1ebfp cho nh\u00e2n vi\u00ean giao h\u00e0ng theo gi\u00e1 tr\u1ecb ti\u1ec1n tr\u00ean h\u00f3a \u0111\u01a1n. Ngo\u00e0i ra kh\u00e1ch h\u00e0ng kh\u00f4ng ph\u1ea3i thanh to\u00e1n b\u1ea5t k\u1ef3 1 chi ph\u00ed n\u00e0o kh\u00e1c.<\/p>\n<p>\u0110\u01a1n gi\u1ea3n, An to\u00e0n, Kh\u00f4ng ch\u00fat r\u1eafc r\u1ed1i m\u00e0 l\u1ea1i an t\u00e2m tuy\u1ec7t \u0111\u1ed1i khi qu\u00fd kh\u00e1ch ch\u1ecdn thanh to\u00e1n COD<\/p>\n<p><strong>2. Thanh to\u00e1n ti\u1ec1n m\u1eb7t t\u1ea1i c\u1eeda h\u00e0ng:<\/strong><\/p>\n<p>Kh\u00e1ch h\u00e0ng \u0111\u1ebfn c\u1eeda h\u00e0ng tham quan, mua s\u1ea3n ph\u1ea9m s\u1ebd thanh to\u00e1n tr\u1ef1c ti\u1ebfp b\u1eb1ng ti\u1ec1n m\u1eb7t ho\u1eb7c qu\u1eb9t th\u1ebb qua POS ng\u00e2n h\u00e0ng t\u1ea1i c\u1eeda h\u00e0ng.<\/p>\n","protected":false},"excerpt":{"rendered":"<p>Qu\u00fd kh\u00e1ch c\u00f3 th\u1ec3 thanh to\u00e1n khi mua h\u00e0ng t\u1ea1i h\u1ec7 th\u1ed1ng c\u1eeda h\u00e0ng c\u1ee7a ch\u00fang t\u00f4i ho\u1eb7c \u0111\u1eb7t mua h\u00e0ng Online b\u1eb1ng nh\u1eefng c\u00e1ch sau: 1. Thanh to\u00e1n ti\u1ec1n m\u1eb7t t\u1ea1i nh\u00e0 khi nh\u1eadn h\u00e0ng th\u00f4ng qua h\u00ecnh th\u1ee9c giao h\u00e0ng tr\u1ef1c ti\u1ebfp, chuy\u1ec3n ph\u00e1t nhanh ho\u1eb7c COD: Khi nh\u00e2n vi\u00ean giao h\u00e0ng giao&#8230;<\/p>\n","protected":false},"author":1,"featured_media":0,"parent":0,"menu_order":0,"comment_status":"closed","ping_status":"closed","template":"","meta":[],"_links":{"self":[{"href":"https:\/\/satmythuatgiare.com\/index.php?rest_route=\/wp\/v2\/pages\/36"}],"collection":[{"href":"https:\/\/satmythuatgiare.com\/index.php?rest_route=\/wp\/v2\/pages"}],"about":[{"href":"https:\/\/satmythuatgiare.com\/index.php?rest_route=\/wp\/v2\/types\/page"}],"author":[{"embeddable":true,"href":"https:\/\/satmythuatgiare.com\/index.php?rest_route=\/wp\/v2\/users\/1"}],"replies":[{"embeddable":true,"href":"https:\/\/satmythuatgiare.com\/index.php?rest_route=%2Fwp%2Fv2%2Fcomments&post=36"}],"version-history":[{"count":1,"href":"https:\/\/satmythuatgiare.com\/index.php?rest_route=\/wp\/v2\/pages\/36\/revisions"}],"predecessor-version":[{"id":37,"href":"https:\/\/satmythuatgiare.com\/index.php?rest_route=\/wp\/v2\/pages\/36\/revisions\/37"}],"wp:attachment":[{"href":"https:\/\/satmythuatgiare.com\/index.php?rest_route=%2Fwp%2Fv2%2Fmedia&parent=36"}],"curies":[{"name":"wp","href":"https:\/\/api.w.org\/{rel}","templated":true}]}}