{"id":34,"date":"2023-02-13T03:29:56","date_gmt":"2023-02-13T03:29:56","guid":{"rendered":"http:\/\/localhost:8080\/cameradinhvi\/?page_id=34"},"modified":"2023-02-13T03:29:56","modified_gmt":"2023-02-13T03:29:56","slug":"dieu-khoan-dich-vu","status":"publish","type":"page","link":"https:\/\/satmythuatgiare.com\/?page_id=34","title":{"rendered":"\u0110I\u1ec0U KHO\u1ea2N D\u1ecaCH V\u1ee4"},"content":{"rendered":"<p>Ch\u00fang t\u00f4i c\u1ea5p gi\u1ea5y ph\u00e9p s\u1eed d\u1ee5ng \u0111\u1ec3 b\u1ea1n c\u00f3 th\u1ec3 mua s\u1eafm tr\u00ean web trong khu\u00f4n kh\u1ed5 \u0111i\u1ec1u kho\u1ea3n v\u00e0 \u0111i\u1ec1u ki\u1ec7n s\u1eed d\u1ee5ng \u0111\u00e3 \u0111\u1ec1 ra.<\/p>\n<p>\u2013 Khi v\u00e0o web c\u1ee7a ch\u00fang t\u00f4i, ng\u01b0\u1eddi d\u00f9ng t\u1ed1i thi\u1ec3u ph\u1ea3i 18 tu\u1ed5i ho\u1eb7c truy c\u1eadp d\u01b0\u1edbi s\u1ef1 gi\u00e1m s\u00e1t c\u1ee7a cha m\u1eb9 hay ng\u01b0\u1eddi gi\u00e1m h\u1ed9 h\u1ee3p ph\u00e1p.<\/p>\n<p>\u2013 Trang web n\u00e0y ch\u1ec9 d\u00f9ng \u0111\u1ec3 cung c\u1ea5p th\u00f4ng tin s\u1ea3n ph\u1ea9m ch\u1ee9 ch\u00fang t\u00f4i kh\u00f4ng ph\u1ea3i nh\u00e0 s\u1ea3n xu\u1ea5t n\u00ean nh\u1eefng nh\u1eadn x\u00e9t hi\u1ec3n th\u1ecb tr\u00ean web l\u00e0 \u00fd ki\u1ebfn c\u00e1 nh\u00e2n c\u1ee7a kh\u00e1ch h\u00e0ng, kh\u00f4ng ph\u1ea3i c\u1ee7a ch\u00fang t\u00f4i.<\/p>\n<p>\u2013 Trong su\u1ed1t qu\u00e1 tr\u00ecnh \u0111\u0103ng k\u00fd, qu\u00fd kh\u00e1ch \u0111\u1ed3ng \u00fd nh\u1eadn email qu\u1ea3ng c\u00e1o t\u1eeb website. Sau \u0111\u00f3, n\u1ebfu kh\u00f4ng mu\u1ed1n ti\u1ebfp t\u1ee5c nh\u1eadn mail, qu\u00fd kh\u00e1ch c\u00f3 th\u1ec3 t\u1eeb ch\u1ed1i b\u1eb1ng c\u00e1ch nh\u1ea5p v\u00e0o \u0111\u01b0\u1eddng link \u1edf d\u01b0\u1edbi c\u00f9ng trong m\u1ecdi email qu\u1ea3ng c\u00e1o.<\/p>\n<p>\u2013 Nghi\u00eam c\u1ea5m s\u1eed d\u1ee5ng b\u1ea5t k\u1ef3 ph\u1ea7n n\u00e0o c\u1ee7a trang web n\u00e0y v\u1edbi m\u1ee5c \u0111\u00edch th\u01b0\u01a1ng m\u1ea1i ho\u1eb7c nh\u00e2n danh b\u1ea5t k\u1ef3 \u0111\u1ed1i t\u00e1c th\u1ee9 ba n\u00e0o n\u1ebfu kh\u00f4ng \u0111\u01b0\u1ee3c ch\u00fang t\u00f4i cho ph\u00e9p b\u1eb1ng v\u0103n b\u1ea3n. N\u1ebfu vi ph\u1ea1m b\u1ea5t c\u1ee9 \u0111i\u1ec1u n\u00e0o trong \u0111\u00e2y, ch\u00fang t\u00f4i s\u1ebd h\u1ee7y gi\u1ea5y ph\u00e9p c\u1ee7a b\u1ea1n m\u00e0 kh\u00f4ng c\u1ea7n b\u00e1o tr\u01b0\u1edbc.<\/p>\n","protected":false},"excerpt":{"rendered":"<p>Ch\u00fang t\u00f4i c\u1ea5p gi\u1ea5y ph\u00e9p s\u1eed d\u1ee5ng \u0111\u1ec3 b\u1ea1n c\u00f3 th\u1ec3 mua s\u1eafm tr\u00ean web trong khu\u00f4n kh\u1ed5 \u0111i\u1ec1u kho\u1ea3n v\u00e0 \u0111i\u1ec1u ki\u1ec7n s\u1eed d\u1ee5ng \u0111\u00e3 \u0111\u1ec1 ra. \u2013 Khi v\u00e0o web c\u1ee7a ch\u00fang t\u00f4i, ng\u01b0\u1eddi d\u00f9ng t\u1ed1i thi\u1ec3u ph\u1ea3i 18 tu\u1ed5i ho\u1eb7c truy c\u1eadp d\u01b0\u1edbi s\u1ef1 gi\u00e1m s\u00e1t c\u1ee7a cha m\u1eb9 hay ng\u01b0\u1eddi gi\u00e1m&#8230;<\/p>\n","protected":false},"author":1,"featured_media":0,"parent":0,"menu_order":0,"comment_status":"closed","ping_status":"closed","template":"","meta":[],"_links":{"self":[{"href":"https:\/\/satmythuatgiare.com\/index.php?rest_route=\/wp\/v2\/pages\/34"}],"collection":[{"href":"https:\/\/satmythuatgiare.com\/index.php?rest_route=\/wp\/v2\/pages"}],"about":[{"href":"https:\/\/satmythuatgiare.com\/index.php?rest_route=\/wp\/v2\/types\/page"}],"author":[{"embeddable":true,"href":"https:\/\/satmythuatgiare.com\/index.php?rest_route=\/wp\/v2\/users\/1"}],"replies":[{"embeddable":true,"href":"https:\/\/satmythuatgiare.com\/index.php?rest_route=%2Fwp%2Fv2%2Fcomments&post=34"}],"version-history":[{"count":1,"href":"https:\/\/satmythuatgiare.com\/index.php?rest_route=\/wp\/v2\/pages\/34\/revisions"}],"predecessor-version":[{"id":35,"href":"https:\/\/satmythuatgiare.com\/index.php?rest_route=\/wp\/v2\/pages\/34\/revisions\/35"}],"wp:attachment":[{"href":"https:\/\/satmythuatgiare.com\/index.php?rest_route=%2Fwp%2Fv2%2Fmedia&parent=34"}],"curies":[{"name":"wp","href":"https:\/\/api.w.org\/{rel}","templated":true}]}}